{"id":71415,"date":"2025-10-14T10:53:21","date_gmt":"2025-10-14T14:53:21","guid":{"rendered":"https:\/\/www.ine.gob.bo\/?page_id=71415"},"modified":"2026-03-23T13:25:18","modified_gmt":"2026-03-23T17:25:18","slug":"cuadros-estadisticos-t","status":"publish","type":"page","link":"https:\/\/www.ine.gob.bo\/index.php\/estadisticas-economicas\/transportes\/cuadros-estadisticos-t\/","title":{"rendered":"Cuadros Estad\u00edsticos"},"content":{"rendered":"<p>[vc_row][vc_column][vc_empty_space]<div class=\"standard-arrow list-divider bullet-top\"><div class=\"wpb_text_column wpb_content_element \">\n<div class=\"wpb_wrapper\">\n<h4>Indicadores<\/h4>\n<\/div>\n<\/div>\n<div class=\"standard-arrow list-divider bullet-top\">\n<ul>\n<li><a href=\"https:\/\/nube.ine.gob.bo\/index.php\/s\/WrlzgqwMRFOA6py\/download\">Bolivia \u2013 \u00cdndice general de transporte por modalidad seg\u00fan mes, 2017 \u2013 2026<\/a><\/li>\n<li><a href=\"https:\/\/nube.ine.gob.bo\/index.php\/s\/GOuPXraorSKlPEY\/download\">Bolivia \u2013 \u00cdndice de cantidad de transporte ferroviario por tipo de servicio seg\u00fan mes, 2017 \u2013 2026<\/a><\/li>\n<li><a href=\"https:\/\/nube.ine.gob.bo\/index.php\/s\/fYjcKruJwWr4nIo\/download\">Bolivia \u2013 \u00cdndice de cantidad de transporte ferroviario por red seg\u00fan mes, 2017 \u2013 2026<\/a><\/li>\n<li><a href=\"https:\/\/nube.ine.gob.bo\/index.php\/s\/ep7YwnoFxrLYhOY\/download\">Bolivia \u2013 \u00cdndice de cantidad de transporte ferroviario por tipo de servicio y red seg\u00fan mes, 2017 \u2013 2026<\/a><\/li>\n<li><a href=\"https:\/\/nube.ine.gob.bo\/index.php\/s\/XKHHfCmsixwxa8I\/download\">Bolivia \u2013 \u00cdndice de cantidad de transporte ferroviario por tipo de carga y red seg\u00fan mes, 2017 \u2013 2026<\/a><\/li>\n<li><a href=\"https:\/\/nube.ine.gob.bo\/index.php\/s\/eKmXnAixxIUNpIk\/download\">Bolivia \u2013 \u00cdndice de cantidad de transporte carretero por tipo de servicio seg\u00fan mes, 2017 \u2013 2026<\/a><\/li>\n<li><a href=\"https:\/\/nube.ine.gob.bo\/index.php\/s\/qRTzTTllH55drGl\/download\">Bolivia \u2013 \u00cdndice de cantidad de transporte carretero por tipo de servicio y flujo seg\u00fan mes, 2017- 2026<\/a><\/li>\n<li><a href=\"https:\/\/nube.ine.gob.bo\/index.php\/s\/tnlyB7MMZpWrPE6\/download\">Bolivia \u2013 \u00cdndice de cantidad de transporte a\u00e9reo por tipo de servicio seg\u00fan mes, 2017 \u2013 2026<\/a><\/li>\n<li><a href=\"https:\/\/nube.ine.gob.bo\/index.php\/s\/sXPaYAEpAjN85eo\/download\">Bolivia \u2013 \u00cdndice de cantidad de transporte a\u00e9reo por ruta seg\u00fan mes, 2017 \u2013 2026<\/a><\/li>\n<li><a href=\"https:\/\/nube.ine.gob.bo\/index.php\/s\/SvoPPzObqpuFaq7\/download\">Bolivia \u2013 \u00cdndice de cantidad de transporte a\u00e9reo internacional por tipo de servicio y flujo seg\u00fan mes, 2017 \u2013 2026<\/a><\/li>\n<li><a href=\"https:\/\/nube.ine.gob.bo\/index.php\/s\/geyCD96n0rcp1IO\/download\">Bolivia \u2013 \u00cdndice de cantidad de transporte a\u00e9reo por ruta y tipo de servicio nacional seg\u00fan mes, 2017 -2026<\/a><\/li>\n<li><a href=\"https:\/\/nube.ine.gob.bo\/index.php\/s\/OEno5bTgAaHAH03\/download\">Bolivia \u2013 \u00cdndice de cantidad de transporte a\u00e9reo por ruta y tipo de servicio seg\u00fan mes, 2017 \u2013 2026<\/a><\/li>\n<li><a href=\"https:\/\/nube.ine.gob.bo\/index.php\/s\/zMP2GvAEMh9aWxw\/download\">Bolivia \u2013 \u00cdndice de cantidad de transporte de hidrocarburos por tipo de ductos seg\u00fan mes, 2017 \u2013 2026<\/a><\/li>\n<li><a href=\"https:\/\/nube.ine.gob.bo\/index.php\/s\/BrvSRo5EwYkx92O\/download\">Bolivia \u2013 \u00cdndice de cantidad de transporte de hidrocarburos por ductos por tipo de mercado seg\u00fan mes, 2017 \u2013 2026<\/a><\/li>\n<li><a href=\"https:\/\/nube.ine.gob.bo\/index.php\/s\/CqbmOWzkoSvk9za\/download\">Bolivia \u2013 \u00cdndice de cantidad de transporte de hidrocarburos por tipo de ducto y mercado seg\u00fan mes, 2017 \u2013 2026<\/a><\/li>\n<li><a href=\"https:\/\/nube.ine.gob.bo\/index.php\/s\/UjvvflnD09rqzfL\/download\">Bolivia \u2013 \u00cdndice de cantidad de transporte urbano de pasajeros seg\u00fan mes, 2017 \u2013 2026<\/a><\/li>\n<\/ul>\n<\/div>\n<div class=\"wpb_text_column wpb_content_element \">\n<div class=\"wpb_wrapper\">\n<h4>Estad\u00edsticas<\/h4>\n<\/div>\n<\/div>\n<div class=\"standard-arrow list-divider bullet-top\">\n<ul>\n<li><a href=\"https:\/\/nube.ine.gob.bo\/index.php\/s\/LoswDmbMeSpofJH\/download\">Bolivia \u2013 Flujo de transporte ferroviario por red y tipo de servicio seg\u00fan mes, 1999 \u2013 2026<\/a><\/li>\n<li><a href=\"https:\/\/nube.ine.gob.bo\/index.php\/s\/0BX0xy3tQ2cq76m\/download\">Bolivia \u2013 Flujo de transporte carretero de pasajeros por red seg\u00fan mes, 1992 \u2013 2026<\/a><\/li>\n<li><a href=\"https:\/\/nube.ine.gob.bo\/index.php\/s\/XilRYdNRylKW9fb\/download\">Bolivia \u2013 Flujo de volumen del transporte a\u00e9reo de carga por flujo y ruta seg\u00fan mes, 2009 \u2013 2026<\/a><\/li>\n<li><a href=\"https:\/\/nube.ine.gob.bo\/index.php\/s\/rVvBMz0OW6yyVtH\/download\">Bolivia \u2013 Flujo de transporte a\u00e9reo de pasajeros por flujo y ruta seg\u00fan mes, 2009 \u2013 2026<\/a><\/li>\n<li><a href=\"https:\/\/nube.ine.gob.bo\/index.php\/s\/tV52ENVO0rsKo2t\/download\">La Paz \u2013 N\u00famero de pasajeros transportados por cable seg\u00fan mes, 2014 \u2013 2026<\/a><\/li>\n<li><a href=\"https:\/\/nube.ine.gob.bo\/index.php\/s\/BLMnzDNfAhWFGAp\/download\">Oruro \u2013 N\u00famero de pasajeros transportados por cable seg\u00fan mes, 2018 \u2013 2026<\/a><\/li>\n<\/ul>\n<\/div>\n<\/div>[vc_empty_space][\/vc_column][\/vc_row]<\/p>\n","protected":false},"excerpt":{"rendered":"<p>[vc_row][vc_column][vc_empty_space][vc_empty_space][\/vc_column][\/vc_row]<\/p>\n","protected":false},"author":3,"featured_media":0,"parent":44282,"menu_order":0,"comment_status":"closed","ping_status":"closed","template":"","meta":[],"class_list":["post-71415","page","type-page","status-publish","hentry","description-off"],"yoast_head":"<!-- This site is optimized with the Yoast SEO plugin v23.2 - https:\/\/yoast.com\/wordpress\/plugins\/seo\/ -->\n<title>Cuadros Estad\u00edsticos - INE<\/title>\n<meta name=\"description\" content=\"P\u00e1gina oficial del Instituto Nacional de Estadisticas INE, informaci\u00f3n estad\u00edstica, geogr\u00e1fica y econ\u00f3mica a nivel nacional.\" \/>\n<meta name=\"robots\" content=\"index, follow, max-snippet:-1, max-image-preview:large, max-video-preview:-1\" \/>\n<link rel=\"canonical\" href=\"https:\/\/www.ine.gob.bo\/index.php\/estadisticas-economicas\/transportes\/cuadros-estadisticos-t\/\" \/>\n<meta property=\"og:locale\" content=\"es_ES\" \/>\n<meta property=\"og:type\" content=\"article\" \/>\n<meta property=\"og:title\" content=\"Cuadros Estad\u00edsticos - INE\" \/>\n<meta property=\"og:description\" content=\"P\u00e1gina oficial del Instituto Nacional de Estadisticas INE, informaci\u00f3n estad\u00edstica, geogr\u00e1fica y econ\u00f3mica a nivel nacional.\" \/>\n<meta property=\"og:url\" content=\"https:\/\/www.ine.gob.bo\/index.php\/estadisticas-economicas\/transportes\/cuadros-estadisticos-t\/\" \/>\n<meta property=\"og:site_name\" content=\"INE\" \/>\n<meta property=\"article:publisher\" content=\"https:\/\/www.facebook.com\/ineboliviaoficial\" \/>\n<meta property=\"article:modified_time\" content=\"2026-03-23T17:25:18+00:00\" \/>\n<meta name=\"twitter:card\" content=\"summary_large_image\" \/>\n<meta name=\"twitter:site\" content=\"@INE_Bolivia\" \/>\n<meta name=\"twitter:label1\" content=\"Tiempo de lectura\" \/>\n\t<meta name=\"twitter:data1\" content=\"2 minutos\" \/>\n<script type=\"application\/ld+json\" class=\"yoast-schema-graph\">{\"@context\":\"https:\/\/schema.org\",\"@graph\":[{\"@type\":\"WebPage\",\"@id\":\"https:\/\/www.ine.gob.bo\/index.php\/estadisticas-economicas\/transportes\/cuadros-estadisticos-t\/\",\"url\":\"https:\/\/www.ine.gob.bo\/index.php\/estadisticas-economicas\/transportes\/cuadros-estadisticos-t\/\",\"name\":\"Cuadros Estad\u00edsticos - INE\",\"isPartOf\":{\"@id\":\"https:\/\/www.ine.gob.bo\/#website\"},\"datePublished\":\"2025-10-14T14:53:21+00:00\",\"dateModified\":\"2026-03-23T17:25:18+00:00\",\"description\":\"P\u00e1gina oficial del Instituto Nacional de Estadisticas INE, informaci\u00f3n estad\u00edstica, geogr\u00e1fica y econ\u00f3mica a nivel nacional.\",\"breadcrumb\":{\"@id\":\"https:\/\/www.ine.gob.bo\/index.php\/estadisticas-economicas\/transportes\/cuadros-estadisticos-t\/#breadcrumb\"},\"inLanguage\":\"es\",\"potentialAction\":[{\"@type\":\"ReadAction\",\"target\":[\"https:\/\/www.ine.gob.bo\/index.php\/estadisticas-economicas\/transportes\/cuadros-estadisticos-t\/\"]}]},{\"@type\":\"BreadcrumbList\",\"@id\":\"https:\/\/www.ine.gob.bo\/index.php\/estadisticas-economicas\/transportes\/cuadros-estadisticos-t\/#breadcrumb\",\"itemListElement\":[{\"@type\":\"ListItem\",\"position\":1,\"name\":\"Portada\",\"item\":\"https:\/\/www.ine.gob.bo\/\"},{\"@type\":\"ListItem\",\"position\":2,\"name\":\"Estad\u00edsticas econ\u00f3micas\",\"item\":\"https:\/\/www.ine.gob.bo\/index.php\/estadisticas-economicas\/\"},{\"@type\":\"ListItem\",\"position\":3,\"name\":\"Transporte\",\"item\":\"https:\/\/www.ine.gob.bo\/index.php\/estadisticas-economicas\/transportes\/\"},{\"@type\":\"ListItem\",\"position\":4,\"name\":\"Cuadros Estad\u00edsticos\"}]},{\"@type\":\"WebSite\",\"@id\":\"https:\/\/www.ine.gob.bo\/#website\",\"url\":\"https:\/\/www.ine.gob.bo\/\",\"name\":\"INE\",\"description\":\"Instituto Nacional de Estad\u00edstica\",\"publisher\":{\"@id\":\"https:\/\/www.ine.gob.bo\/#organization\"},\"potentialAction\":[{\"@type\":\"SearchAction\",\"target\":{\"@type\":\"EntryPoint\",\"urlTemplate\":\"https:\/\/www.ine.gob.bo\/?s={search_term_string}\"},\"query-input\":\"required name=search_term_string\"}],\"inLanguage\":\"es\"},{\"@type\":\"Organization\",\"@id\":\"https:\/\/www.ine.gob.bo\/#organization\",\"name\":\"Instituto Nacional de Estad\u00edstica\",\"url\":\"https:\/\/www.ine.gob.bo\/\",\"logo\":{\"@type\":\"ImageObject\",\"inLanguage\":\"es\",\"@id\":\"https:\/\/www.ine.gob.bo\/#\/schema\/logo\/image\/\",\"url\":\"https:\/\/www.ine.gob.bo\/wp-content\/uploads\/2026\/02\/logo-ine.jpg\",\"contentUrl\":\"https:\/\/www.ine.gob.bo\/wp-content\/uploads\/2026\/02\/logo-ine.jpg\",\"width\":799,\"height\":453,\"caption\":\"Instituto Nacional de Estad\u00edstica\"},\"image\":{\"@id\":\"https:\/\/www.ine.gob.bo\/#\/schema\/logo\/image\/\"},\"sameAs\":[\"https:\/\/www.facebook.com\/ineboliviaoficial\",\"https:\/\/x.com\/INE_Bolivia\",\"https:\/\/www.instagram.com\/ineboliviaoficial\/\",\"https:\/\/www.youtube.com\/channel\/UCbIQXKLw414g5kWo1tAwqCg\"]}]}<\/script>\n<!-- \/ Yoast SEO plugin. -->","yoast_head_json":{"title":"Cuadros Estad\u00edsticos - INE","description":"P\u00e1gina oficial del Instituto Nacional de Estadisticas INE, informaci\u00f3n estad\u00edstica, geogr\u00e1fica y econ\u00f3mica a nivel nacional.","robots":{"index":"index","follow":"follow","max-snippet":"max-snippet:-1","max-image-preview":"max-image-preview:large","max-video-preview":"max-video-preview:-1"},"canonical":"https:\/\/www.ine.gob.bo\/index.php\/estadisticas-economicas\/transportes\/cuadros-estadisticos-t\/","og_locale":"es_ES","og_type":"article","og_title":"Cuadros Estad\u00edsticos - INE","og_description":"P\u00e1gina oficial del Instituto Nacional de Estadisticas INE, informaci\u00f3n estad\u00edstica, geogr\u00e1fica y econ\u00f3mica a nivel nacional.","og_url":"https:\/\/www.ine.gob.bo\/index.php\/estadisticas-economicas\/transportes\/cuadros-estadisticos-t\/","og_site_name":"INE","article_publisher":"https:\/\/www.facebook.com\/ineboliviaoficial","article_modified_time":"2026-03-23T17:25:18+00:00","twitter_card":"summary_large_image","twitter_site":"@INE_Bolivia","twitter_misc":{"Tiempo de lectura":"2 minutos"},"schema":{"@context":"https:\/\/schema.org","@graph":[{"@type":"WebPage","@id":"https:\/\/www.ine.gob.bo\/index.php\/estadisticas-economicas\/transportes\/cuadros-estadisticos-t\/","url":"https:\/\/www.ine.gob.bo\/index.php\/estadisticas-economicas\/transportes\/cuadros-estadisticos-t\/","name":"Cuadros Estad\u00edsticos - INE","isPartOf":{"@id":"https:\/\/www.ine.gob.bo\/#website"},"datePublished":"2025-10-14T14:53:21+00:00","dateModified":"2026-03-23T17:25:18+00:00","description":"P\u00e1gina oficial del Instituto Nacional de Estadisticas INE, informaci\u00f3n estad\u00edstica, geogr\u00e1fica y econ\u00f3mica a nivel nacional.","breadcrumb":{"@id":"https:\/\/www.ine.gob.bo\/index.php\/estadisticas-economicas\/transportes\/cuadros-estadisticos-t\/#breadcrumb"},"inLanguage":"es","potentialAction":[{"@type":"ReadAction","target":["https:\/\/www.ine.gob.bo\/index.php\/estadisticas-economicas\/transportes\/cuadros-estadisticos-t\/"]}]},{"@type":"BreadcrumbList","@id":"https:\/\/www.ine.gob.bo\/index.php\/estadisticas-economicas\/transportes\/cuadros-estadisticos-t\/#breadcrumb","itemListElement":[{"@type":"ListItem","position":1,"name":"Portada","item":"https:\/\/www.ine.gob.bo\/"},{"@type":"ListItem","position":2,"name":"Estad\u00edsticas econ\u00f3micas","item":"https:\/\/www.ine.gob.bo\/index.php\/estadisticas-economicas\/"},{"@type":"ListItem","position":3,"name":"Transporte","item":"https:\/\/www.ine.gob.bo\/index.php\/estadisticas-economicas\/transportes\/"},{"@type":"ListItem","position":4,"name":"Cuadros Estad\u00edsticos"}]},{"@type":"WebSite","@id":"https:\/\/www.ine.gob.bo\/#website","url":"https:\/\/www.ine.gob.bo\/","name":"INE","description":"Instituto Nacional de Estad\u00edstica","publisher":{"@id":"https:\/\/www.ine.gob.bo\/#organization"},"potentialAction":[{"@type":"SearchAction","target":{"@type":"EntryPoint","urlTemplate":"https:\/\/www.ine.gob.bo\/?s={search_term_string}"},"query-input":"required name=search_term_string"}],"inLanguage":"es"},{"@type":"Organization","@id":"https:\/\/www.ine.gob.bo\/#organization","name":"Instituto Nacional de Estad\u00edstica","url":"https:\/\/www.ine.gob.bo\/","logo":{"@type":"ImageObject","inLanguage":"es","@id":"https:\/\/www.ine.gob.bo\/#\/schema\/logo\/image\/","url":"https:\/\/www.ine.gob.bo\/wp-content\/uploads\/2026\/02\/logo-ine.jpg","contentUrl":"https:\/\/www.ine.gob.bo\/wp-content\/uploads\/2026\/02\/logo-ine.jpg","width":799,"height":453,"caption":"Instituto Nacional de Estad\u00edstica"},"image":{"@id":"https:\/\/www.ine.gob.bo\/#\/schema\/logo\/image\/"},"sameAs":["https:\/\/www.facebook.com\/ineboliviaoficial","https:\/\/x.com\/INE_Bolivia","https:\/\/www.instagram.com\/ineboliviaoficial\/","https:\/\/www.youtube.com\/channel\/UCbIQXKLw414g5kWo1tAwqCg"]}]}},"rttpg_featured_image_url":null,"rttpg_author":{"display_name":"Roberto Pablo Intimayta Llanque","author_link":"https:\/\/www.ine.gob.bo\/index.php\/author\/rintimayta\/"},"rttpg_comment":0,"rttpg_category":null,"rttpg_excerpt":"[vc_row][vc_column][vc_empty_space][vc_empty_space][\/vc_column][\/vc_row]","_links":{"self":[{"href":"https:\/\/www.ine.gob.bo\/index.php\/wp-json\/wp\/v2\/pages\/71415","targetHints":{"allow":["GET"]}}],"collection":[{"href":"https:\/\/www.ine.gob.bo\/index.php\/wp-json\/wp\/v2\/pages"}],"about":[{"href":"https:\/\/www.ine.gob.bo\/index.php\/wp-json\/wp\/v2\/types\/page"}],"author":[{"embeddable":true,"href":"https:\/\/www.ine.gob.bo\/index.php\/wp-json\/wp\/v2\/users\/3"}],"replies":[{"embeddable":true,"href":"https:\/\/www.ine.gob.bo\/index.php\/wp-json\/wp\/v2\/comments?post=71415"}],"version-history":[{"count":1,"href":"https:\/\/www.ine.gob.bo\/index.php\/wp-json\/wp\/v2\/pages\/71415\/revisions"}],"predecessor-version":[{"id":73447,"href":"https:\/\/www.ine.gob.bo\/index.php\/wp-json\/wp\/v2\/pages\/71415\/revisions\/73447"}],"up":[{"embeddable":true,"href":"https:\/\/www.ine.gob.bo\/index.php\/wp-json\/wp\/v2\/pages\/44282"}],"wp:attachment":[{"href":"https:\/\/www.ine.gob.bo\/index.php\/wp-json\/wp\/v2\/media?parent=71415"}],"curies":[{"name":"wp","href":"https:\/\/api.w.org\/{rel}","templated":true}]}}