{"id":56435,"date":"2022-05-23T12:07:14","date_gmt":"2022-05-23T16:07:14","guid":{"rendered":"https:\/\/www.ine.gob.bo\/?page_id=56435"},"modified":"2026-03-27T14:00:27","modified_gmt":"2026-03-27T18:00:27","slug":"notas-de-prensa-ipp","status":"publish","type":"page","link":"https:\/\/www.ine.gob.bo\/index.php\/notas-de-prensa-ipp\/","title":{"rendered":"Notas de Prensa"},"content":{"rendered":"<p>[vc_row][vc_column][vc_empty_space]<div class=\"standard-arrow list-divider bullet-top\"><ul>\n<li><a class=\"\" href=\"https:\/\/www.ine.gob.bo\/index.php\/el-indice-de-precios-productor-ipp-registro-una-variacion-positiva-de-007-en-febrero-de-2026\/\" data-id=\"73469\">El \u00cdndice de Precios Productor (IPP) registr\u00f3 una variaci\u00f3n positiva de 0,07% en febrero de 2026<\/a><\/li>\n<li><a class=\"\" href=\"https:\/\/www.ine.gob.bo\/index.php\/el-indice-de-precios-productor-ipp-registro-un-aumento-de-064-en-enero-de-2026\/\" data-id=\"73079\">El \u00cdndice de Precios Productor (IPP) registr\u00f3 un aumento de 0,64% en enero de 2026<\/a><\/li>\n<li><a class=\"\" href=\"https:\/\/www.ine.gob.bo\/index.php\/el-indice-de-precios-productor-ipp-registro-un-aumento-de-037-en-diciembre-de-2025\/\" data-id=\"72664\">El \u00cdndice de Precios Productor registr\u00f3 un aumento de 0,37% en diciembre de 2025<\/a><\/li>\n<li><a class=\"\" href=\"https:\/\/www.ine.gob.bo\/index.php\/el-indice-de-precios-productor-registro-un-aumento-de-004-en-noviembre-de-2025\/\" data-id=\"72302\">El \u00cdndice de Precios Productor registr\u00f3 un aumento de 0,04% en noviembre de 2025<\/a><\/li>\n<li><a class=\"\" href=\"https:\/\/www.ine.gob.bo\/index.php\/el-indice-de-precios-productor-registro-un-aumento-de-139-en-octubre-de-2025\/\" data-id=\"72005\">El \u00cdndice de Precios Productor registr\u00f3 un aumento de 1,39% en octubre de 2025<\/a><\/li>\n<li><a class=\"\" href=\"https:\/\/www.ine.gob.bo\/index.php\/el-indice-de-precios-productor-registro-un-aumento-de-158-en-septiembre-de-2025\/\" data-id=\"71577\">El \u00cdndice de Precios Productor registr\u00f3 un aumento de 1,58% en septiembre de 2025<\/a><\/li>\n<li><a class=\"\" href=\"https:\/\/www.ine.gob.bo\/index.php\/el-indice-de-precios-productor-registro-un-aumento-de-176-en-agosto-de-2025\/\" data-id=\"71046\">El \u00cdndice de Precios Productor registr\u00f3 un aumento de 1,76% en agosto de 2025<\/a><\/li>\n<li><a class=\"\" href=\"https:\/\/www.ine.gob.bo\/index.php\/el-indice-de-precios-productor-registro-un-aumento-de-227-en-julio-de-2025\/\" data-id=\"70606\">El \u00cdndice de Precios Productor registr\u00f3 un aumento de 2,27% en julio de 2025<\/a><\/li>\n<li><a class=\"\" href=\"https:\/\/www.ine.gob.bo\/index.php\/el-indice-de-precios-productor-registro-un-aumento-de-383-en-junio-de-2025\/\" data-id=\"70285\">El \u00cdndice de Precios Productor registr\u00f3 un aumento de 3,83% en junio de 2025<\/a><\/li>\n<li><a class=\"\" href=\"https:\/\/www.ine.gob.bo\/index.php\/el-indice-de-precios-productor-registro-un-aumento-del-362-en-mayo-de-2025\/\" data-id=\"69887\">El \u00cdndice de Precios Productor registr\u00f3 un aumento del 3,62% en mayo de 2025<\/a><\/li>\n<li><a class=\"\" href=\"https:\/\/www.ine.gob.bo\/index.php\/el-indice-de-precios-productor-ipp-registro-un-aumento-de-111-en-abril-de-2025\/\" data-id=\"68700\">El \u00cdndice de Precios Productor (IPP) registr\u00f3 un aumento de 1,11% en abril de 2025<\/a><\/li>\n<li><a class=\"\" href=\"https:\/\/www.ine.gob.bo\/index.php\/el-indice-de-precios-productor-ipp-registro-un-aumento-de-191-en-marzo-de-2025\/\" data-id=\"67500\">El \u00cdndice de Precios Productor (IPP) registr\u00f3 un aumento de 1,91% en marzo de 2025<\/a><\/li>\n<li><a class=\"\" href=\"https:\/\/www.ine.gob.bo\/index.php\/el-indice-de-precios-productor-ipp-registro-un-aumento-de-160-en-febrero-de-2025\/\" data-id=\"66784\">El \u00cdndice de Precios Productor (IPP) registr\u00f3 un aumento de 1,60% en febrero de 2025<\/a><\/li>\n<li><a class=\"\" href=\"https:\/\/www.ine.gob.bo\/index.php\/el-indice-de-precios-productor-ipp-registro-un-aumento-de-185-en-enero-de-2025\/\" data-id=\"66600\">El \u00cdndice de Precios Productor (IPP) registr\u00f3 un aumento de 1,85% en enero de 2025<\/a><\/li>\n<li><a class=\"\" href=\"https:\/\/www.ine.gob.bo\/index.php\/el-indice-de-precios-productor-ipp-registro-un-aumento-de-173-en-diciembre-de-2024\/\" data-id=\"66446\">El \u00cdndice de Precios Productor (IPP) registr\u00f3 un aumento de 1,73% en diciembre de 2024<\/a><\/li>\n<li><a class=\"\" href=\"https:\/\/www.ine.gob.bo\/index.php\/el-indice-de-precios-productor-ipp-registro-un-aumento-de-058-en-noviembre-de-2024\/\" data-id=\"66276\">El \u00cdndice de Precios Productor (IPP) registr\u00f3 un aumento de 0,58% en noviembre de 2024<\/a><\/li>\n<li><a class=\"\" href=\"https:\/\/www.ine.gob.bo\/index.php\/el-indice-de-precios-productor-ipp-registro-un-aumento-de-150-en-octubre-de-2024\/\" data-id=\"66055\">\u00cdndice de Precios Productor (IPP) registr\u00f3 un aumento de 1,50% en octubre de 2024<\/a><\/li>\n<li><a class=\"\" href=\"https:\/\/www.ine.gob.bo\/index.php\/el-indice-de-precios-productor-ipp-registro-un-aumento-de-094-en-agosto-de-2024\/\" data-id=\"65257\">\u00cdndice de Precios Productor (IPP) registr\u00f3 un aumento de 0,94% en agosto de 2024<\/a><\/li>\n<li><a class=\"\" href=\"https:\/\/www.ine.gob.bo\/index.php\/el-indice-de-precios-productor-ipp-registra-un-aumento-de-059-en-julio-de-2024\/\" data-id=\"65042\">\u00cdndice de Precios Productor (IPP) registra un aumento de 0,59% en julio de 2024<\/a><\/li>\n<li><a class=\"\" href=\"https:\/\/www.ine.gob.bo\/index.php\/indice-de-precios-productor-ipp-registra-un-aumento-de-184-en-junio-de-2024\/\" data-id=\"64763\">\u00cdndice de Precios Productor (IPP) registra un aumento de 1,84% en junio de 2024<\/a><\/li>\n<li><a class=\"\" href=\"https:\/\/www.ine.gob.bo\/index.php\/indice-de-precios-productor-ipp-registro-un-aumento-de-046-en-mayo-de-2024\/\" data-id=\"64504\">\u00cdndice de Precios Productor (IPP) registr\u00f3 un aumento de 0,46% en mayo de 2024<\/a><\/li>\n<li><a class=\"\" href=\"https:\/\/www.ine.gob.bo\/index.php\/indice-de-precios-productor-ipp-registro-aumento-de-001-en-octubre-de-2023\/\" data-id=\"62870\">\u00cdndice de Precios Productor (IPP) registr\u00f3 aumento de 0,01% en octubre de 2023<\/a><\/li>\n<li><a class=\"\" href=\"https:\/\/www.ine.gob.bo\/index.php\/indice-de-precios-productor-ipp-alcanzo-a-038-en-septiembre-de-2023\/\" data-id=\"62569\">\u00cdndice de Precios Productor (IPP) alcanz\u00f3 a 0,38% en septiembre de 2023<\/a><\/li>\n<li><a class=\"\" href=\"https:\/\/www.ine.gob.bo\/index.php\/indice-de-precios-productor-ipp-registro-aumento-de-006-en-agosto-de-2023\/\" data-id=\"62165\">\u00cdndice de Precios Productor (IPP) registr\u00f3 aumento de 0,06% en agosto de 2023<\/a><\/li>\n<li><a class=\"\" href=\"https:\/\/www.ine.gob.bo\/index.php\/indice-de-precios-productor-ipp-registro-aumento-de-004-en-julio-de-2023\/\" data-id=\"61988\">\u00cdndice de Precios Productor (IPP) registr\u00f3 aumento de 0,04% en julio de 2023<\/a><\/li>\n<li><a class=\"\" href=\"https:\/\/www.ine.gob.bo\/index.php\/indice-de-precios-productor-ipp-registra-disminucion-de-055-en-junio-de-2023\/\" data-id=\"61714\">\u00cdndice de Precios Productor (IPP) registra disminuci\u00f3n de -0,55% en junio de 2023<\/a><\/li>\n<li><a class=\"\" href=\"https:\/\/www.ine.gob.bo\/index.php\/indice-de-precios-productor-ipp-registro-un-aumento-de-067-en-mayo-de-2023\/\" data-id=\"61359\">\u00cdndice de Precios Productor (IPP) registr\u00f3 un aumento de 0,67% en mayo de 2023<\/a><\/li>\n<li><a class=\"\" href=\"https:\/\/www.ine.gob.bo\/index.php\/indice-de-precios-productor-ipp-registra-aumento-de-005-en-abril-de-2023\/\" data-id=\"61121\">\u00cdndice de Precios Productor (IPP) registra aumento de 0,05% en abril de 2023<\/a><\/li>\n<li><a class=\"\" href=\"https:\/\/www.ine.gob.bo\/index.php\/indice-de-precios-productor-ipp-registra-disminucion-de-022-en-marzo-de-2023\/\" data-id=\"60859\">\u00cdndice de Precios Productor (IPP) registra disminuci\u00f3n de -0,22% en marzo de 2023<\/a><\/li>\n<li><a class=\"\" href=\"https:\/\/www.ine.gob.bo\/index.php\/indice-de-precios-productor-ipp-registro-una-disminucion-de-011-en-febrero-de-2023\/\" data-id=\"60438\">\u00cdndice de Precios Productor (IPP) registr\u00f3 una disminuci\u00f3n de -0,11%, en febrero de 2023<\/a><\/li>\n<li><a class=\"\" href=\"https:\/\/www.ine.gob.bo\/index.php\/indice-de-precios-productor-ipp-registro-un-aumento-de-047-en-enero-de-2023\/\" data-id=\"60254\">\u00cdndice de Precios Productor (IPP) registr\u00f3 un aumento de 0,47% en enero de 2023<\/a><\/li>\n<li><a class=\"\" href=\"https:\/\/www.ine.gob.bo\/index.php\/indice-de-precios-productor-ipp-registra-aumento-de-044-en-diciembre-de-2022\/\" data-id=\"60037\">\u00cdndice de Precios Productor (IPP) registra aumento de 0,44% en diciembre de 2022<\/a><\/li>\n<li><a class=\"\" href=\"https:\/\/www.ine.gob.bo\/index.php\/indice-de-precios-productor-ipp-registra-aumento-de-074-en-noviembre-de-2022\/\" data-id=\"59608\">\u00cdndice de Precios Productor (IPP) registra aumento de 0,74% en noviembre de 2022<\/a><\/li>\n<li><a class=\"\" href=\"https:\/\/www.ine.gob.bo\/index.php\/indice-de-precios-productor-ipp-registra-aumento-de-056-en-octubre-de-2022\/\" data-id=\"59366\">\u00cdndice de Precios Productor (IPP) registra aumento de 0,56% en octubre de 2022<\/a><\/li>\n<li><a class=\"\" href=\"https:\/\/www.ine.gob.bo\/index.php\/indice-de-precios-productor-ipp-registra-aumento-de-064-en-septiembre-de-2022\/\" data-id=\"59080\">\u00cdndice de Precios Productor (IPP) registra aumento de 0,64% en septiembre de 2022<\/a><\/li>\n<li><a class=\"\" href=\"https:\/\/www.ine.gob.bo\/index.php\/indice-de-precios-productor-ipp-registra-aumento-de-015-en-agosto-de-2022\/\" data-id=\"58626\">\u00cdndice de Precios Productor (IPP) registra aumento de 0,15% en agosto de 2022<\/a><\/li>\n<li><a class=\"\" href=\"https:\/\/www.ine.gob.bo\/index.php\/indice-de-precios-productor-ipp-registra-aumento-de-006-en-julio-de-2022\/\" data-id=\"58162\">\u00cdndice de Precios Productor (IPP) registra aumento de 0,06% en julio de 2022<\/a><\/li>\n<li><a class=\"\" href=\"https:\/\/www.ine.gob.bo\/index.php\/indice-de-precios-productor-ipp-registra-aumento-de-013-en-junio-de-2022\/\" data-id=\"57883\">\u00cdndice de Precios Productor (IPP) registra aumento de 0,13% en junio de 2022<\/a><\/li>\n<li><a class=\"\" href=\"https:\/\/www.ine.gob.bo\/index.php\/indice-de-precios-productor-ipp-registra-disminucion-de-009-en-mayo-de-2022\/\" data-id=\"57220\">\u00cdndice de Precios Productor (IPP) registra disminuci\u00f3n de -0,09% en mayo de 2022<\/a><\/li>\n<li><a class=\"\" href=\"https:\/\/www.ine.gob.bo\/index.php\/indice-de-precios-productor-ipp-registra-disminucion-de-032-en-abril-de-2022\/\" data-id=\"56443\">\u00cdndice de Precios Productor (IPP) registra disminuci\u00f3n de -0,32% en abril de 2022<\/a><\/li>\n<li><a class=\"\" href=\"https:\/\/www.ine.gob.bo\/index.php\/indice-de-precios-productor-ipp-registra-aumento-de-135-en-marzo-de-2022\/\" data-id=\"56130\">\u00cdndice de Precios Productor (IPP) registra aumento de 1,35% en marzo de 2022<\/a><\/li>\n<\/ul>\n<\/div>[\/vc_column][\/vc_row]<\/p>\n","protected":false},"excerpt":{"rendered":"<p>[vc_row][vc_column][vc_empty_space][\/vc_column][\/vc_row]<\/p>\n","protected":false},"author":3,"featured_media":0,"parent":0,"menu_order":0,"comment_status":"closed","ping_status":"closed","template":"","meta":[],"class_list":["post-56435","page","type-page","status-publish","hentry","description-off"],"yoast_head":"<!-- This site is optimized with the Yoast SEO plugin v23.2 - https:\/\/yoast.com\/wordpress\/plugins\/seo\/ -->\n<title>Notas de Prensa - INE<\/title>\n<meta name=\"description\" content=\"P\u00e1gina oficial del Instituto Nacional de Estadisticas INE, informaci\u00f3n estad\u00edstica, geogr\u00e1fica y econ\u00f3mica a nivel nacional.\" \/>\n<meta name=\"robots\" content=\"index, follow, max-snippet:-1, max-image-preview:large, max-video-preview:-1\" \/>\n<link rel=\"canonical\" href=\"https:\/\/www.ine.gob.bo\/index.php\/notas-de-prensa-ipp\/\" \/>\n<meta property=\"og:locale\" content=\"es_ES\" \/>\n<meta property=\"og:type\" content=\"article\" \/>\n<meta property=\"og:title\" content=\"Notas de Prensa - INE\" \/>\n<meta property=\"og:description\" content=\"P\u00e1gina oficial del Instituto Nacional de Estadisticas INE, informaci\u00f3n estad\u00edstica, geogr\u00e1fica y econ\u00f3mica a nivel nacional.\" \/>\n<meta property=\"og:url\" content=\"https:\/\/www.ine.gob.bo\/index.php\/notas-de-prensa-ipp\/\" \/>\n<meta property=\"og:site_name\" content=\"INE\" \/>\n<meta property=\"article:publisher\" content=\"https:\/\/www.facebook.com\/ineboliviaoficial\" \/>\n<meta property=\"article:modified_time\" content=\"2026-03-27T18:00:27+00:00\" \/>\n<meta name=\"twitter:card\" content=\"summary_large_image\" \/>\n<meta name=\"twitter:site\" content=\"@INE_Bolivia\" \/>\n<meta name=\"twitter:label1\" content=\"Tiempo de lectura\" \/>\n\t<meta name=\"twitter:data1\" content=\"3 minutos\" \/>\n<script type=\"application\/ld+json\" class=\"yoast-schema-graph\">{\"@context\":\"https:\/\/schema.org\",\"@graph\":[{\"@type\":\"WebPage\",\"@id\":\"https:\/\/www.ine.gob.bo\/index.php\/notas-de-prensa-ipp\/\",\"url\":\"https:\/\/www.ine.gob.bo\/index.php\/notas-de-prensa-ipp\/\",\"name\":\"Notas de Prensa - INE\",\"isPartOf\":{\"@id\":\"https:\/\/www.ine.gob.bo\/#website\"},\"datePublished\":\"2022-05-23T16:07:14+00:00\",\"dateModified\":\"2026-03-27T18:00:27+00:00\",\"description\":\"P\u00e1gina oficial del Instituto Nacional de Estadisticas INE, informaci\u00f3n estad\u00edstica, geogr\u00e1fica y econ\u00f3mica a nivel nacional.\",\"breadcrumb\":{\"@id\":\"https:\/\/www.ine.gob.bo\/index.php\/notas-de-prensa-ipp\/#breadcrumb\"},\"inLanguage\":\"es\",\"potentialAction\":[{\"@type\":\"ReadAction\",\"target\":[\"https:\/\/www.ine.gob.bo\/index.php\/notas-de-prensa-ipp\/\"]}]},{\"@type\":\"BreadcrumbList\",\"@id\":\"https:\/\/www.ine.gob.bo\/index.php\/notas-de-prensa-ipp\/#breadcrumb\",\"itemListElement\":[{\"@type\":\"ListItem\",\"position\":1,\"name\":\"Portada\",\"item\":\"https:\/\/www.ine.gob.bo\/\"},{\"@type\":\"ListItem\",\"position\":2,\"name\":\"Notas de Prensa\"}]},{\"@type\":\"WebSite\",\"@id\":\"https:\/\/www.ine.gob.bo\/#website\",\"url\":\"https:\/\/www.ine.gob.bo\/\",\"name\":\"INE\",\"description\":\"Instituto Nacional de Estad\u00edstica\",\"publisher\":{\"@id\":\"https:\/\/www.ine.gob.bo\/#organization\"},\"potentialAction\":[{\"@type\":\"SearchAction\",\"target\":{\"@type\":\"EntryPoint\",\"urlTemplate\":\"https:\/\/www.ine.gob.bo\/?s={search_term_string}\"},\"query-input\":\"required name=search_term_string\"}],\"inLanguage\":\"es\"},{\"@type\":\"Organization\",\"@id\":\"https:\/\/www.ine.gob.bo\/#organization\",\"name\":\"Instituto Nacional de Estad\u00edstica\",\"url\":\"https:\/\/www.ine.gob.bo\/\",\"logo\":{\"@type\":\"ImageObject\",\"inLanguage\":\"es\",\"@id\":\"https:\/\/www.ine.gob.bo\/#\/schema\/logo\/image\/\",\"url\":\"https:\/\/www.ine.gob.bo\/wp-content\/uploads\/2026\/02\/logo-ine.jpg\",\"contentUrl\":\"https:\/\/www.ine.gob.bo\/wp-content\/uploads\/2026\/02\/logo-ine.jpg\",\"width\":799,\"height\":453,\"caption\":\"Instituto Nacional de Estad\u00edstica\"},\"image\":{\"@id\":\"https:\/\/www.ine.gob.bo\/#\/schema\/logo\/image\/\"},\"sameAs\":[\"https:\/\/www.facebook.com\/ineboliviaoficial\",\"https:\/\/x.com\/INE_Bolivia\",\"https:\/\/www.instagram.com\/ineboliviaoficial\/\",\"https:\/\/www.youtube.com\/channel\/UCbIQXKLw414g5kWo1tAwqCg\"]}]}<\/script>\n<!-- \/ Yoast SEO plugin. -->","yoast_head_json":{"title":"Notas de Prensa - INE","description":"P\u00e1gina oficial del Instituto Nacional de Estadisticas INE, informaci\u00f3n estad\u00edstica, geogr\u00e1fica y econ\u00f3mica a nivel nacional.","robots":{"index":"index","follow":"follow","max-snippet":"max-snippet:-1","max-image-preview":"max-image-preview:large","max-video-preview":"max-video-preview:-1"},"canonical":"https:\/\/www.ine.gob.bo\/index.php\/notas-de-prensa-ipp\/","og_locale":"es_ES","og_type":"article","og_title":"Notas de Prensa - INE","og_description":"P\u00e1gina oficial del Instituto Nacional de Estadisticas INE, informaci\u00f3n estad\u00edstica, geogr\u00e1fica y econ\u00f3mica a nivel nacional.","og_url":"https:\/\/www.ine.gob.bo\/index.php\/notas-de-prensa-ipp\/","og_site_name":"INE","article_publisher":"https:\/\/www.facebook.com\/ineboliviaoficial","article_modified_time":"2026-03-27T18:00:27+00:00","twitter_card":"summary_large_image","twitter_site":"@INE_Bolivia","twitter_misc":{"Tiempo de lectura":"3 minutos"},"schema":{"@context":"https:\/\/schema.org","@graph":[{"@type":"WebPage","@id":"https:\/\/www.ine.gob.bo\/index.php\/notas-de-prensa-ipp\/","url":"https:\/\/www.ine.gob.bo\/index.php\/notas-de-prensa-ipp\/","name":"Notas de Prensa - INE","isPartOf":{"@id":"https:\/\/www.ine.gob.bo\/#website"},"datePublished":"2022-05-23T16:07:14+00:00","dateModified":"2026-03-27T18:00:27+00:00","description":"P\u00e1gina oficial del Instituto Nacional de Estadisticas INE, informaci\u00f3n estad\u00edstica, geogr\u00e1fica y econ\u00f3mica a nivel nacional.","breadcrumb":{"@id":"https:\/\/www.ine.gob.bo\/index.php\/notas-de-prensa-ipp\/#breadcrumb"},"inLanguage":"es","potentialAction":[{"@type":"ReadAction","target":["https:\/\/www.ine.gob.bo\/index.php\/notas-de-prensa-ipp\/"]}]},{"@type":"BreadcrumbList","@id":"https:\/\/www.ine.gob.bo\/index.php\/notas-de-prensa-ipp\/#breadcrumb","itemListElement":[{"@type":"ListItem","position":1,"name":"Portada","item":"https:\/\/www.ine.gob.bo\/"},{"@type":"ListItem","position":2,"name":"Notas de Prensa"}]},{"@type":"WebSite","@id":"https:\/\/www.ine.gob.bo\/#website","url":"https:\/\/www.ine.gob.bo\/","name":"INE","description":"Instituto Nacional de Estad\u00edstica","publisher":{"@id":"https:\/\/www.ine.gob.bo\/#organization"},"potentialAction":[{"@type":"SearchAction","target":{"@type":"EntryPoint","urlTemplate":"https:\/\/www.ine.gob.bo\/?s={search_term_string}"},"query-input":"required name=search_term_string"}],"inLanguage":"es"},{"@type":"Organization","@id":"https:\/\/www.ine.gob.bo\/#organization","name":"Instituto Nacional de Estad\u00edstica","url":"https:\/\/www.ine.gob.bo\/","logo":{"@type":"ImageObject","inLanguage":"es","@id":"https:\/\/www.ine.gob.bo\/#\/schema\/logo\/image\/","url":"https:\/\/www.ine.gob.bo\/wp-content\/uploads\/2026\/02\/logo-ine.jpg","contentUrl":"https:\/\/www.ine.gob.bo\/wp-content\/uploads\/2026\/02\/logo-ine.jpg","width":799,"height":453,"caption":"Instituto Nacional de Estad\u00edstica"},"image":{"@id":"https:\/\/www.ine.gob.bo\/#\/schema\/logo\/image\/"},"sameAs":["https:\/\/www.facebook.com\/ineboliviaoficial","https:\/\/x.com\/INE_Bolivia","https:\/\/www.instagram.com\/ineboliviaoficial\/","https:\/\/www.youtube.com\/channel\/UCbIQXKLw414g5kWo1tAwqCg"]}]}},"rttpg_featured_image_url":null,"rttpg_author":{"display_name":"Roberto Pablo Intimayta Llanque","author_link":"https:\/\/www.ine.gob.bo\/index.php\/author\/rintimayta\/"},"rttpg_comment":0,"rttpg_category":null,"rttpg_excerpt":"[vc_row][vc_column][vc_empty_space][\/vc_column][\/vc_row]","_links":{"self":[{"href":"https:\/\/www.ine.gob.bo\/index.php\/wp-json\/wp\/v2\/pages\/56435","targetHints":{"allow":["GET"]}}],"collection":[{"href":"https:\/\/www.ine.gob.bo\/index.php\/wp-json\/wp\/v2\/pages"}],"about":[{"href":"https:\/\/www.ine.gob.bo\/index.php\/wp-json\/wp\/v2\/types\/page"}],"author":[{"embeddable":true,"href":"https:\/\/www.ine.gob.bo\/index.php\/wp-json\/wp\/v2\/users\/3"}],"replies":[{"embeddable":true,"href":"https:\/\/www.ine.gob.bo\/index.php\/wp-json\/wp\/v2\/comments?post=56435"}],"version-history":[{"count":1,"href":"https:\/\/www.ine.gob.bo\/index.php\/wp-json\/wp\/v2\/pages\/56435\/revisions"}],"predecessor-version":[{"id":73483,"href":"https:\/\/www.ine.gob.bo\/index.php\/wp-json\/wp\/v2\/pages\/56435\/revisions\/73483"}],"wp:attachment":[{"href":"https:\/\/www.ine.gob.bo\/index.php\/wp-json\/wp\/v2\/media?parent=56435"}],"curies":[{"name":"wp","href":"https:\/\/api.w.org\/{rel}","templated":true}]}}