{"id":51414,"date":"2020-12-31T14:38:47","date_gmt":"2020-12-31T18:38:47","guid":{"rendered":"https:\/\/www.ine.gob.bo\/?page_id=51414"},"modified":"2026-02-06T12:44:40","modified_gmt":"2026-02-06T16:44:40","slug":"enna-informacion-tecnica","status":"publish","type":"page","link":"https:\/\/www.ine.gob.bo\/index.php\/estadisticas-sociales\/empleo-mercado-laboral\/enna-informacion-tecnica\/","title":{"rendered":"Informaci\u00f3n T\u00e9cnica"},"content":{"rendered":"<p>[vc_row][vc_column][vc_empty_space height=&#8221;42px&#8221;][vc_column_text]A continuaci\u00f3n, se presentan los instrumentos y documentos relacionados utilizados en la Encuesta de Ni\u00f1as, Ni\u00f1os y Adolescentes que realizan una Actividad Laboral o trabajan (ENNA).<\/p>\n<p>&nbsp;<\/p>\n<table>\n<tbody>\n<tr>\n<td><\/td>\n<td style=\"text-align: center;\"><strong>DESCRIPCI\u00d3N<\/strong><\/td>\n<\/tr>\n<tr>\n<td><em><a href=\"https:\/\/nube.ine.gob.bo\/index.php\/s\/cNfd5uSr7BqBQ3i\/download\">Cuestionario ENNA 2019<\/a><\/em><\/td>\n<td>Cuestionario aplicado en la Encuesta de ni\u00f1as, ni\u00f1os y adolescentes que realizan una actividad laboral o trabajan 2019<\/td>\n<\/tr>\n<tr>\n<td><em><a href=\"https:\/\/nube.ine.gob.bo\/index.php\/s\/QPJPZcnUFN1lT1f\/download\">Fichas t\u00e9cnicas indicadores<\/a><\/em><\/td>\n<td>Instrumento est\u00e1ndar para la documentaci\u00f3n de los indicadores de actividad laboral o trabajo de NNA generados en la operaci\u00f3n estad\u00edstica.<\/td>\n<\/tr>\n<tr>\n<td><em>Normativa relacionada<\/em><\/td>\n<td><em><a href=\"https:\/\/nimbus.ine.gob.bo\/index.php\/s\/rb5mxC6Mr3Agj9s\/download\" target=\"_blank\" rel=\"noopener noreferrer\">\u00a0Ley N\u00ba 548: C\u00f3digo Ni\u00f1a, Ni\u00f1o y Adolescente.<\/a><\/em><\/p>\n<p><em><a href=\"https:\/\/jurisprudenciaconstitucional.com\/resolucion\/111605-sentencia-constitucional-plurinacional-0025-2017\" target=\"_blank\" rel=\"noopener noreferrer\">Sentencia Constitucional Enlace para descarga de la normativa y sentencia constitucional<\/a><\/em><\/td>\n<\/tr>\n<\/tbody>\n<\/table>\n<p>[\/vc_column_text][\/vc_column][\/vc_row]<\/p>\n","protected":false},"excerpt":{"rendered":"<p>[vc_row][vc_column][vc_empty_space height=&#8221;42px&#8221;][vc_column_text]A continuaci\u00f3n, se presentan los instrumentos y documentos relacionados utilizados en la Encuesta de Ni\u00f1as, Ni\u00f1os y Adolescentes que realizan una Actividad Laboral o trabajan (ENNA). &nbsp; DESCRIPCI\u00d3N Cuestionario ENNA 2019 Cuestionario aplicado en la Encuesta de ni\u00f1as, ni\u00f1os y adolescentes que realizan una actividad laboral o trabajan 2019 Fichas t\u00e9cnicas indicadores Instrumento est\u00e1ndar&hellip;<\/p>\n","protected":false},"author":3,"featured_media":0,"parent":36799,"menu_order":0,"comment_status":"closed","ping_status":"closed","template":"","meta":[],"class_list":["post-51414","page","type-page","status-publish","hentry","description-off"],"yoast_head":"<!-- This site is optimized with the Yoast SEO plugin v23.2 - https:\/\/yoast.com\/wordpress\/plugins\/seo\/ -->\n<title>Informaci\u00f3n T\u00e9cnica - INE<\/title>\n<meta name=\"description\" content=\"P\u00e1gina oficial del Instituto Nacional de Estadisticas INE, informaci\u00f3n estad\u00edstica, geogr\u00e1fica y econ\u00f3mica a nivel nacional.\" \/>\n<meta name=\"robots\" content=\"index, follow, max-snippet:-1, max-image-preview:large, max-video-preview:-1\" \/>\n<link rel=\"canonical\" href=\"https:\/\/www.ine.gob.bo\/index.php\/estadisticas-sociales\/empleo-mercado-laboral\/enna-informacion-tecnica\/\" \/>\n<meta property=\"og:locale\" content=\"es_ES\" \/>\n<meta property=\"og:type\" content=\"article\" \/>\n<meta property=\"og:title\" content=\"Informaci\u00f3n T\u00e9cnica - INE\" \/>\n<meta property=\"og:description\" content=\"P\u00e1gina oficial del Instituto Nacional de Estadisticas INE, informaci\u00f3n estad\u00edstica, geogr\u00e1fica y econ\u00f3mica a nivel nacional.\" \/>\n<meta property=\"og:url\" content=\"https:\/\/www.ine.gob.bo\/index.php\/estadisticas-sociales\/empleo-mercado-laboral\/enna-informacion-tecnica\/\" \/>\n<meta property=\"og:site_name\" content=\"INE\" \/>\n<meta property=\"article:publisher\" content=\"https:\/\/www.facebook.com\/ineboliviaoficial\" \/>\n<meta property=\"article:modified_time\" content=\"2026-02-06T16:44:40+00:00\" \/>\n<meta name=\"twitter:card\" content=\"summary_large_image\" \/>\n<meta name=\"twitter:site\" content=\"@INE_Bolivia\" \/>\n<meta name=\"twitter:label1\" content=\"Tiempo de lectura\" \/>\n\t<meta name=\"twitter:data1\" content=\"1 minuto\" \/>\n<script type=\"application\/ld+json\" class=\"yoast-schema-graph\">{\"@context\":\"https:\/\/schema.org\",\"@graph\":[{\"@type\":\"WebPage\",\"@id\":\"https:\/\/www.ine.gob.bo\/index.php\/estadisticas-sociales\/empleo-mercado-laboral\/enna-informacion-tecnica\/\",\"url\":\"https:\/\/www.ine.gob.bo\/index.php\/estadisticas-sociales\/empleo-mercado-laboral\/enna-informacion-tecnica\/\",\"name\":\"Informaci\u00f3n T\u00e9cnica - INE\",\"isPartOf\":{\"@id\":\"https:\/\/www.ine.gob.bo\/#website\"},\"datePublished\":\"2020-12-31T18:38:47+00:00\",\"dateModified\":\"2026-02-06T16:44:40+00:00\",\"description\":\"P\u00e1gina oficial del Instituto Nacional de Estadisticas INE, informaci\u00f3n estad\u00edstica, geogr\u00e1fica y econ\u00f3mica a nivel nacional.\",\"breadcrumb\":{\"@id\":\"https:\/\/www.ine.gob.bo\/index.php\/estadisticas-sociales\/empleo-mercado-laboral\/enna-informacion-tecnica\/#breadcrumb\"},\"inLanguage\":\"es\",\"potentialAction\":[{\"@type\":\"ReadAction\",\"target\":[\"https:\/\/www.ine.gob.bo\/index.php\/estadisticas-sociales\/empleo-mercado-laboral\/enna-informacion-tecnica\/\"]}]},{\"@type\":\"BreadcrumbList\",\"@id\":\"https:\/\/www.ine.gob.bo\/index.php\/estadisticas-sociales\/empleo-mercado-laboral\/enna-informacion-tecnica\/#breadcrumb\",\"itemListElement\":[{\"@type\":\"ListItem\",\"position\":1,\"name\":\"Portada\",\"item\":\"https:\/\/www.ine.gob.bo\/\"},{\"@type\":\"ListItem\",\"position\":2,\"name\":\"Estad\u00edsticas sociales\",\"item\":\"https:\/\/www.ine.gob.bo\/index.php\/estadisticas-sociales\/\"},{\"@type\":\"ListItem\",\"position\":3,\"name\":\"Empleo \/ Mercado laboral\",\"item\":\"https:\/\/www.ine.gob.bo\/index.php\/estadisticas-sociales\/empleo-mercado-laboral\/\"},{\"@type\":\"ListItem\",\"position\":4,\"name\":\"Informaci\u00f3n T\u00e9cnica\"}]},{\"@type\":\"WebSite\",\"@id\":\"https:\/\/www.ine.gob.bo\/#website\",\"url\":\"https:\/\/www.ine.gob.bo\/\",\"name\":\"INE\",\"description\":\"Instituto Nacional de Estad\u00edstica\",\"publisher\":{\"@id\":\"https:\/\/www.ine.gob.bo\/#organization\"},\"potentialAction\":[{\"@type\":\"SearchAction\",\"target\":{\"@type\":\"EntryPoint\",\"urlTemplate\":\"https:\/\/www.ine.gob.bo\/?s={search_term_string}\"},\"query-input\":\"required name=search_term_string\"}],\"inLanguage\":\"es\"},{\"@type\":\"Organization\",\"@id\":\"https:\/\/www.ine.gob.bo\/#organization\",\"name\":\"Instituto Nacional de Estad\u00edstica\",\"url\":\"https:\/\/www.ine.gob.bo\/\",\"logo\":{\"@type\":\"ImageObject\",\"inLanguage\":\"es\",\"@id\":\"https:\/\/www.ine.gob.bo\/#\/schema\/logo\/image\/\",\"url\":\"https:\/\/www.ine.gob.bo\/wp-content\/uploads\/2026\/02\/logo-ine.jpg\",\"contentUrl\":\"https:\/\/www.ine.gob.bo\/wp-content\/uploads\/2026\/02\/logo-ine.jpg\",\"width\":799,\"height\":453,\"caption\":\"Instituto Nacional de Estad\u00edstica\"},\"image\":{\"@id\":\"https:\/\/www.ine.gob.bo\/#\/schema\/logo\/image\/\"},\"sameAs\":[\"https:\/\/www.facebook.com\/ineboliviaoficial\",\"https:\/\/x.com\/INE_Bolivia\",\"https:\/\/www.instagram.com\/ineboliviaoficial\/\",\"https:\/\/www.youtube.com\/channel\/UCbIQXKLw414g5kWo1tAwqCg\"]}]}<\/script>\n<!-- \/ Yoast SEO plugin. -->","yoast_head_json":{"title":"Informaci\u00f3n T\u00e9cnica - INE","description":"P\u00e1gina oficial del Instituto Nacional de Estadisticas INE, informaci\u00f3n estad\u00edstica, geogr\u00e1fica y econ\u00f3mica a nivel nacional.","robots":{"index":"index","follow":"follow","max-snippet":"max-snippet:-1","max-image-preview":"max-image-preview:large","max-video-preview":"max-video-preview:-1"},"canonical":"https:\/\/www.ine.gob.bo\/index.php\/estadisticas-sociales\/empleo-mercado-laboral\/enna-informacion-tecnica\/","og_locale":"es_ES","og_type":"article","og_title":"Informaci\u00f3n T\u00e9cnica - INE","og_description":"P\u00e1gina oficial del Instituto Nacional de Estadisticas INE, informaci\u00f3n estad\u00edstica, geogr\u00e1fica y econ\u00f3mica a nivel nacional.","og_url":"https:\/\/www.ine.gob.bo\/index.php\/estadisticas-sociales\/empleo-mercado-laboral\/enna-informacion-tecnica\/","og_site_name":"INE","article_publisher":"https:\/\/www.facebook.com\/ineboliviaoficial","article_modified_time":"2026-02-06T16:44:40+00:00","twitter_card":"summary_large_image","twitter_site":"@INE_Bolivia","twitter_misc":{"Tiempo de lectura":"1 minuto"},"schema":{"@context":"https:\/\/schema.org","@graph":[{"@type":"WebPage","@id":"https:\/\/www.ine.gob.bo\/index.php\/estadisticas-sociales\/empleo-mercado-laboral\/enna-informacion-tecnica\/","url":"https:\/\/www.ine.gob.bo\/index.php\/estadisticas-sociales\/empleo-mercado-laboral\/enna-informacion-tecnica\/","name":"Informaci\u00f3n T\u00e9cnica - INE","isPartOf":{"@id":"https:\/\/www.ine.gob.bo\/#website"},"datePublished":"2020-12-31T18:38:47+00:00","dateModified":"2026-02-06T16:44:40+00:00","description":"P\u00e1gina oficial del Instituto Nacional de Estadisticas INE, informaci\u00f3n estad\u00edstica, geogr\u00e1fica y econ\u00f3mica a nivel nacional.","breadcrumb":{"@id":"https:\/\/www.ine.gob.bo\/index.php\/estadisticas-sociales\/empleo-mercado-laboral\/enna-informacion-tecnica\/#breadcrumb"},"inLanguage":"es","potentialAction":[{"@type":"ReadAction","target":["https:\/\/www.ine.gob.bo\/index.php\/estadisticas-sociales\/empleo-mercado-laboral\/enna-informacion-tecnica\/"]}]},{"@type":"BreadcrumbList","@id":"https:\/\/www.ine.gob.bo\/index.php\/estadisticas-sociales\/empleo-mercado-laboral\/enna-informacion-tecnica\/#breadcrumb","itemListElement":[{"@type":"ListItem","position":1,"name":"Portada","item":"https:\/\/www.ine.gob.bo\/"},{"@type":"ListItem","position":2,"name":"Estad\u00edsticas sociales","item":"https:\/\/www.ine.gob.bo\/index.php\/estadisticas-sociales\/"},{"@type":"ListItem","position":3,"name":"Empleo \/ Mercado laboral","item":"https:\/\/www.ine.gob.bo\/index.php\/estadisticas-sociales\/empleo-mercado-laboral\/"},{"@type":"ListItem","position":4,"name":"Informaci\u00f3n T\u00e9cnica"}]},{"@type":"WebSite","@id":"https:\/\/www.ine.gob.bo\/#website","url":"https:\/\/www.ine.gob.bo\/","name":"INE","description":"Instituto Nacional de Estad\u00edstica","publisher":{"@id":"https:\/\/www.ine.gob.bo\/#organization"},"potentialAction":[{"@type":"SearchAction","target":{"@type":"EntryPoint","urlTemplate":"https:\/\/www.ine.gob.bo\/?s={search_term_string}"},"query-input":"required name=search_term_string"}],"inLanguage":"es"},{"@type":"Organization","@id":"https:\/\/www.ine.gob.bo\/#organization","name":"Instituto Nacional de Estad\u00edstica","url":"https:\/\/www.ine.gob.bo\/","logo":{"@type":"ImageObject","inLanguage":"es","@id":"https:\/\/www.ine.gob.bo\/#\/schema\/logo\/image\/","url":"https:\/\/www.ine.gob.bo\/wp-content\/uploads\/2026\/02\/logo-ine.jpg","contentUrl":"https:\/\/www.ine.gob.bo\/wp-content\/uploads\/2026\/02\/logo-ine.jpg","width":799,"height":453,"caption":"Instituto Nacional de Estad\u00edstica"},"image":{"@id":"https:\/\/www.ine.gob.bo\/#\/schema\/logo\/image\/"},"sameAs":["https:\/\/www.facebook.com\/ineboliviaoficial","https:\/\/x.com\/INE_Bolivia","https:\/\/www.instagram.com\/ineboliviaoficial\/","https:\/\/www.youtube.com\/channel\/UCbIQXKLw414g5kWo1tAwqCg"]}]}},"rttpg_featured_image_url":null,"rttpg_author":{"display_name":"Roberto Pablo Intimayta Llanque","author_link":"https:\/\/www.ine.gob.bo\/index.php\/author\/rintimayta\/"},"rttpg_comment":0,"rttpg_category":null,"rttpg_excerpt":"[vc_row][vc_column][vc_empty_space height=&#8221;42px&#8221;][vc_column_text]A continuaci\u00f3n, se presentan los instrumentos y documentos relacionados utilizados en la Encuesta de Ni\u00f1as, Ni\u00f1os y Adolescentes que realizan una Actividad Laboral o trabajan (ENNA). &nbsp; DESCRIPCI\u00d3N Cuestionario ENNA 2019 Cuestionario aplicado en la Encuesta de ni\u00f1as, ni\u00f1os y adolescentes que realizan una actividad laboral o trabajan 2019 Fichas t\u00e9cnicas indicadores Instrumento est\u00e1ndar&hellip;","_links":{"self":[{"href":"https:\/\/www.ine.gob.bo\/index.php\/wp-json\/wp\/v2\/pages\/51414","targetHints":{"allow":["GET"]}}],"collection":[{"href":"https:\/\/www.ine.gob.bo\/index.php\/wp-json\/wp\/v2\/pages"}],"about":[{"href":"https:\/\/www.ine.gob.bo\/index.php\/wp-json\/wp\/v2\/types\/page"}],"author":[{"embeddable":true,"href":"https:\/\/www.ine.gob.bo\/index.php\/wp-json\/wp\/v2\/users\/3"}],"replies":[{"embeddable":true,"href":"https:\/\/www.ine.gob.bo\/index.php\/wp-json\/wp\/v2\/comments?post=51414"}],"version-history":[{"count":0,"href":"https:\/\/www.ine.gob.bo\/index.php\/wp-json\/wp\/v2\/pages\/51414\/revisions"}],"up":[{"embeddable":true,"href":"https:\/\/www.ine.gob.bo\/index.php\/wp-json\/wp\/v2\/pages\/36799"}],"wp:attachment":[{"href":"https:\/\/www.ine.gob.bo\/index.php\/wp-json\/wp\/v2\/media?parent=51414"}],"curies":[{"name":"wp","href":"https:\/\/api.w.org\/{rel}","templated":true}]}}