{"id":48607,"date":"2020-09-04T09:35:09","date_gmt":"2020-09-04T13:35:09","guid":{"rendered":"https:\/\/www.ine.gob.bo\/?page_id=48607"},"modified":"2026-02-13T12:29:25","modified_gmt":"2026-02-13T16:29:25","slug":"participacion-politica-registro-administrativos","status":"publish","type":"page","link":"https:\/\/www.ine.gob.bo\/index.php\/estadisticas-sociales\/participacion-politica-registro-administrativos\/","title":{"rendered":"Participaci\u00f3n Pol\u00edtica"},"content":{"rendered":"<p>[vc_row][vc_column][vc_empty_space]<div class=\"standard-arrow list-divider bullet-top\"><h4>Registros Administrativos<\/h4>\n<h4>\u00d3rgano Electoral Plurinacional<\/h4>\n<ul>\n<li><a href=\"https:\/\/nube.ine.gob.bo\/index.php\/s\/8pCpYgtfP3QWNH7\/download\">BOLIVIA: POBLACI\u00d3N EN EDAD DE VOTAR HABILITADA EN EL PADR\u00d3N ELECTORAL POR SEXO, SEG\u00daN DEPARTAMENTO, 2010 \u2013 2021<\/a><\/li>\n<li><a href=\"https:\/\/nube.ine.gob.bo\/index.php\/s\/aAus43Ua4yZGC3X\/download\">BOLIVIA: POBLACI\u00d3N HABILITADA EN EL PADR\u00d3N ELECTORAL POR SEXO Y GRUPO DE EDAD, SEG\u00daN DEPARTAMENTO, DICIEMBRE 2010 AL 2021<\/a><\/li>\n<li><a href=\"https:\/\/nube.ine.gob.bo\/index.php\/s\/K0mNWEK6hi7bEr2\/download\">BOLIVIA: POBLACI\u00d3N EN EDAD DE VOTAR, POBLACI\u00d3N HABILITADA Y TIPO DE PARTICIPACI\u00d3N EN ELECCIONES PARA GOBERNADORES Y ALCALDES , SEG\u00daN A\u00d1O DE ELECCI\u00d3N Y DEPARTAMENTO, 2010 &#8211; 2021<\/a><\/li>\n<li><a href=\"https:\/\/nube.ine.gob.bo\/index.php\/s\/L5OCxnGAzLyDDOb\/download\">BOLIVIA: CARGOS A GOBERNADOR(A) ELECTO(A) POR SEXO, SEG\u00daN DEPARTAMENTO, ELECCIONES 2010 &#8211; 2021<\/a><\/li>\n<li><a href=\"https:\/\/nube.ine.gob.bo\/index.php\/s\/uSOkTlMxBl39s7e\/download\">BOLIVIA: ASAMBLE\u00cdSTAS ELECTAS(OS) EN GOBIERNOS DEPARTAMENTALES POR SEXO, SEG\u00daN CONDICI\u00d3N DE TITULARIDAD Y DEPARTAMENTO, ELECCIONES 2010 Y 2021<\/a><\/li>\n<li><a href=\"https:\/\/nube.ine.gob.bo\/index.php\/s\/ShXwiwvOr1BypgP\/download\">BOLIVIA: CARGOS DE ALCALDE(SA) MUNICIPAL ELECTO(A) POR SEXO, SEG\u00daN DEPARTAMENTO, ELECCIONES 2010 &#8211; 2021<\/a><\/li>\n<li><a href=\"https:\/\/nube.ine.gob.bo\/index.php\/s\/Vh5B093KABjPbAC\/download\">BOLIVIA: CONCEJALES (AS) ELECTOS(AS) DE GOBIERNOS MUNICIPALES POR SEXO, SEG\u00daN DEPARTAMENTO, ELECCIONES 2010 &#8211; 2021<\/a><\/li>\n<li><a href=\"https:\/\/nube.ine.gob.bo\/index.php\/s\/OzMQeRUHaKNKO0T\/download\">BOLIVIA: CARGOS DE SENADORAS(ES) Y DIPUTADAS(OS) POR SEXO, SEG\u00daN C\u00c1MARA, CONDICI\u00d3N DE TITULARIDAD Y A\u00d1O DE ELECCI\u00d3N GENERAL, 1985 &#8211;\u00a0 2020<\/a><\/li>\n<li><a href=\"https:\/\/nube.ine.gob.bo\/index.php\/s\/DGmhKTy6zgR2s0O\/download\">BOLIVIA: CARGOS DE SENADORAS(ES) Y DIPUTADAS(OS) POR SEXO, SEG\u00daN C\u00c1MARA, CONDICI\u00d3N DE TITULARIDAD Y DEPARTAMENTO, 2010 &#8211; 2020<\/a><\/li>\n<li><a href=\"https:\/\/nube.ine.gob.bo\/index.php\/s\/Dsw8K0Fp58ePxXu\/download\">BOLIVIA: ADMINISTRADORES DE JUSTICIA ELECTOS POR SEXO, SEG\u00daN CONDICI\u00d3N DE TITULARIDAD E INSTANCIA JUDICIAL, 2011 y 2017<\/a><\/li>\n<li><a href=\"https:\/\/nube.ine.gob.bo\/index.php\/s\/1Hd09hhnpKMpthx\/download\">BOLIVIA: CARGOS EN GABINETES MINISTERIALES POR SEXO, SEG\u00daN PERIODO, 1993 &#8211; 2020<\/a><\/li>\n<li><a href=\"https:\/\/nube.ine.gob.bo\/index.php\/s\/IjNEsJKsCPNJ9TD\/download\">BOLIVIA: PARTICIPACI\u00d3N POL\u00cdTICA POR SEXO, SEG\u00daN \u00d3RGANO DEL ESTADO, 2009 &#8211; 2021<\/a><\/li>\n<\/ul>\n<h4>Servicio de Registro C\u00edvico<\/h4>\n<ul>\n<li><a href=\"https:\/\/nube.ine.gob.bo\/index.php\/s\/2rRMphd9CwNaL5d\/download\">BOLIVIA: N\u00daMERO DE NACIMIENTOS REGISTRADOS EN EL SERVICIO DE REGISTRO CIVIL DE NI\u00d1OS MENORES DE 5 A\u00d1OS POR DEPARTAMENTO, SEXO Y GRUPO DE EDAD, 2015 &#8211; 2022<\/a><\/li>\n<li><a href=\"https:\/\/nube.ine.gob.bo\/index.php\/s\/V6XvyBkwIUobrT2\/download\">BOLIVIA: N\u00daMERO DE CERTIFICADOS DE NACIMIENTOS EMITIDOS POR SEXO SEG\u00daN DEPARTAMENTO Y GRUPO DE EDAD, 2018 &#8211; 2023<\/a><\/li>\n<\/ul>\n<h4>Servicio General de Identificaci\u00f3n Personal y de Licencias para Conducir<\/h4>\n<ul>\n<li><a href=\"https:\/\/nube.ine.gob.bo\/index.php\/s\/5bKMWvjF0qfUHar\/download\">BOLIVIA: C\u00c9DULAS DE IDENTIDAD OTORGADAS POR GESTI\u00d3N Y TIPO, SEG\u00daN LUGAR DE EMISI\u00d3N Y SEXO, 2015 \u2013 2024<\/a><\/li>\n<li><a href=\"https:\/\/nube.ine.gob.bo\/index.php\/s\/hJGqDIvJdZ7LoUZ\/download\">BOLIVIA: C\u00c9DULAS DE IDENTIDAD DE EXTRANJERO OTORGADAS POR GESTI\u00d3N Y TIPO, SEG\u00daN LUGAR DE EMISI\u00d3N Y SEXO, 2015 \u2013 2024<\/a><\/li>\n<\/ul>\n<\/div>[\/vc_column][\/vc_row]<\/p>\n","protected":false},"excerpt":{"rendered":"<p>[vc_row][vc_column][vc_empty_space][\/vc_column][\/vc_row]<\/p>\n","protected":false},"author":3,"featured_media":0,"parent":36792,"menu_order":0,"comment_status":"closed","ping_status":"closed","template":"","meta":[],"class_list":["post-48607","page","type-page","status-publish","hentry","description-off"],"yoast_head":"<!-- This site is optimized with the Yoast SEO plugin v23.2 - https:\/\/yoast.com\/wordpress\/plugins\/seo\/ -->\n<title>Participaci\u00f3n Pol\u00edtica - INE<\/title>\n<meta name=\"description\" content=\"P\u00e1gina oficial del Instituto Nacional de Estadisticas INE, informaci\u00f3n estad\u00edstica, geogr\u00e1fica y econ\u00f3mica a nivel nacional.\" \/>\n<meta name=\"robots\" content=\"index, follow, max-snippet:-1, max-image-preview:large, max-video-preview:-1\" \/>\n<link rel=\"canonical\" href=\"https:\/\/www.ine.gob.bo\/index.php\/estadisticas-sociales\/participacion-politica-registro-administrativos\/\" \/>\n<meta property=\"og:locale\" content=\"es_ES\" \/>\n<meta property=\"og:type\" content=\"article\" \/>\n<meta property=\"og:title\" content=\"Participaci\u00f3n Pol\u00edtica - INE\" \/>\n<meta property=\"og:description\" content=\"P\u00e1gina oficial del Instituto Nacional de Estadisticas INE, informaci\u00f3n estad\u00edstica, geogr\u00e1fica y econ\u00f3mica a nivel nacional.\" \/>\n<meta property=\"og:url\" content=\"https:\/\/www.ine.gob.bo\/index.php\/estadisticas-sociales\/participacion-politica-registro-administrativos\/\" \/>\n<meta property=\"og:site_name\" content=\"INE\" \/>\n<meta property=\"article:publisher\" content=\"https:\/\/www.facebook.com\/ineboliviaoficial\" \/>\n<meta property=\"article:modified_time\" content=\"2026-02-13T16:29:25+00:00\" \/>\n<meta name=\"twitter:card\" content=\"summary_large_image\" \/>\n<meta name=\"twitter:site\" content=\"@INE_Bolivia\" \/>\n<meta name=\"twitter:label1\" content=\"Tiempo de lectura\" \/>\n\t<meta name=\"twitter:data1\" content=\"2 minutos\" \/>\n<script type=\"application\/ld+json\" class=\"yoast-schema-graph\">{\"@context\":\"https:\/\/schema.org\",\"@graph\":[{\"@type\":\"WebPage\",\"@id\":\"https:\/\/www.ine.gob.bo\/index.php\/estadisticas-sociales\/participacion-politica-registro-administrativos\/\",\"url\":\"https:\/\/www.ine.gob.bo\/index.php\/estadisticas-sociales\/participacion-politica-registro-administrativos\/\",\"name\":\"Participaci\u00f3n Pol\u00edtica - INE\",\"isPartOf\":{\"@id\":\"https:\/\/www.ine.gob.bo\/#website\"},\"datePublished\":\"2020-09-04T13:35:09+00:00\",\"dateModified\":\"2026-02-13T16:29:25+00:00\",\"description\":\"P\u00e1gina oficial del Instituto Nacional de Estadisticas INE, informaci\u00f3n estad\u00edstica, geogr\u00e1fica y econ\u00f3mica a nivel nacional.\",\"breadcrumb\":{\"@id\":\"https:\/\/www.ine.gob.bo\/index.php\/estadisticas-sociales\/participacion-politica-registro-administrativos\/#breadcrumb\"},\"inLanguage\":\"es\",\"potentialAction\":[{\"@type\":\"ReadAction\",\"target\":[\"https:\/\/www.ine.gob.bo\/index.php\/estadisticas-sociales\/participacion-politica-registro-administrativos\/\"]}]},{\"@type\":\"BreadcrumbList\",\"@id\":\"https:\/\/www.ine.gob.bo\/index.php\/estadisticas-sociales\/participacion-politica-registro-administrativos\/#breadcrumb\",\"itemListElement\":[{\"@type\":\"ListItem\",\"position\":1,\"name\":\"Portada\",\"item\":\"https:\/\/www.ine.gob.bo\/\"},{\"@type\":\"ListItem\",\"position\":2,\"name\":\"Estad\u00edsticas sociales\",\"item\":\"https:\/\/www.ine.gob.bo\/index.php\/estadisticas-sociales\/\"},{\"@type\":\"ListItem\",\"position\":3,\"name\":\"Participaci\u00f3n Pol\u00edtica\"}]},{\"@type\":\"WebSite\",\"@id\":\"https:\/\/www.ine.gob.bo\/#website\",\"url\":\"https:\/\/www.ine.gob.bo\/\",\"name\":\"INE\",\"description\":\"Instituto Nacional de Estad\u00edstica\",\"publisher\":{\"@id\":\"https:\/\/www.ine.gob.bo\/#organization\"},\"potentialAction\":[{\"@type\":\"SearchAction\",\"target\":{\"@type\":\"EntryPoint\",\"urlTemplate\":\"https:\/\/www.ine.gob.bo\/?s={search_term_string}\"},\"query-input\":\"required name=search_term_string\"}],\"inLanguage\":\"es\"},{\"@type\":\"Organization\",\"@id\":\"https:\/\/www.ine.gob.bo\/#organization\",\"name\":\"Instituto Nacional de Estad\u00edstica\",\"url\":\"https:\/\/www.ine.gob.bo\/\",\"logo\":{\"@type\":\"ImageObject\",\"inLanguage\":\"es\",\"@id\":\"https:\/\/www.ine.gob.bo\/#\/schema\/logo\/image\/\",\"url\":\"https:\/\/www.ine.gob.bo\/wp-content\/uploads\/2026\/02\/logo-ine.jpg\",\"contentUrl\":\"https:\/\/www.ine.gob.bo\/wp-content\/uploads\/2026\/02\/logo-ine.jpg\",\"width\":799,\"height\":453,\"caption\":\"Instituto Nacional de Estad\u00edstica\"},\"image\":{\"@id\":\"https:\/\/www.ine.gob.bo\/#\/schema\/logo\/image\/\"},\"sameAs\":[\"https:\/\/www.facebook.com\/ineboliviaoficial\",\"https:\/\/x.com\/INE_Bolivia\",\"https:\/\/www.instagram.com\/ineboliviaoficial\/\",\"https:\/\/www.youtube.com\/channel\/UCbIQXKLw414g5kWo1tAwqCg\"]}]}<\/script>\n<!-- \/ Yoast SEO plugin. -->","yoast_head_json":{"title":"Participaci\u00f3n Pol\u00edtica - INE","description":"P\u00e1gina oficial del Instituto Nacional de Estadisticas INE, informaci\u00f3n estad\u00edstica, geogr\u00e1fica y econ\u00f3mica a nivel nacional.","robots":{"index":"index","follow":"follow","max-snippet":"max-snippet:-1","max-image-preview":"max-image-preview:large","max-video-preview":"max-video-preview:-1"},"canonical":"https:\/\/www.ine.gob.bo\/index.php\/estadisticas-sociales\/participacion-politica-registro-administrativos\/","og_locale":"es_ES","og_type":"article","og_title":"Participaci\u00f3n Pol\u00edtica - INE","og_description":"P\u00e1gina oficial del Instituto Nacional de Estadisticas INE, informaci\u00f3n estad\u00edstica, geogr\u00e1fica y econ\u00f3mica a nivel nacional.","og_url":"https:\/\/www.ine.gob.bo\/index.php\/estadisticas-sociales\/participacion-politica-registro-administrativos\/","og_site_name":"INE","article_publisher":"https:\/\/www.facebook.com\/ineboliviaoficial","article_modified_time":"2026-02-13T16:29:25+00:00","twitter_card":"summary_large_image","twitter_site":"@INE_Bolivia","twitter_misc":{"Tiempo de lectura":"2 minutos"},"schema":{"@context":"https:\/\/schema.org","@graph":[{"@type":"WebPage","@id":"https:\/\/www.ine.gob.bo\/index.php\/estadisticas-sociales\/participacion-politica-registro-administrativos\/","url":"https:\/\/www.ine.gob.bo\/index.php\/estadisticas-sociales\/participacion-politica-registro-administrativos\/","name":"Participaci\u00f3n Pol\u00edtica - INE","isPartOf":{"@id":"https:\/\/www.ine.gob.bo\/#website"},"datePublished":"2020-09-04T13:35:09+00:00","dateModified":"2026-02-13T16:29:25+00:00","description":"P\u00e1gina oficial del Instituto Nacional de Estadisticas INE, informaci\u00f3n estad\u00edstica, geogr\u00e1fica y econ\u00f3mica a nivel nacional.","breadcrumb":{"@id":"https:\/\/www.ine.gob.bo\/index.php\/estadisticas-sociales\/participacion-politica-registro-administrativos\/#breadcrumb"},"inLanguage":"es","potentialAction":[{"@type":"ReadAction","target":["https:\/\/www.ine.gob.bo\/index.php\/estadisticas-sociales\/participacion-politica-registro-administrativos\/"]}]},{"@type":"BreadcrumbList","@id":"https:\/\/www.ine.gob.bo\/index.php\/estadisticas-sociales\/participacion-politica-registro-administrativos\/#breadcrumb","itemListElement":[{"@type":"ListItem","position":1,"name":"Portada","item":"https:\/\/www.ine.gob.bo\/"},{"@type":"ListItem","position":2,"name":"Estad\u00edsticas sociales","item":"https:\/\/www.ine.gob.bo\/index.php\/estadisticas-sociales\/"},{"@type":"ListItem","position":3,"name":"Participaci\u00f3n Pol\u00edtica"}]},{"@type":"WebSite","@id":"https:\/\/www.ine.gob.bo\/#website","url":"https:\/\/www.ine.gob.bo\/","name":"INE","description":"Instituto Nacional de Estad\u00edstica","publisher":{"@id":"https:\/\/www.ine.gob.bo\/#organization"},"potentialAction":[{"@type":"SearchAction","target":{"@type":"EntryPoint","urlTemplate":"https:\/\/www.ine.gob.bo\/?s={search_term_string}"},"query-input":"required name=search_term_string"}],"inLanguage":"es"},{"@type":"Organization","@id":"https:\/\/www.ine.gob.bo\/#organization","name":"Instituto Nacional de Estad\u00edstica","url":"https:\/\/www.ine.gob.bo\/","logo":{"@type":"ImageObject","inLanguage":"es","@id":"https:\/\/www.ine.gob.bo\/#\/schema\/logo\/image\/","url":"https:\/\/www.ine.gob.bo\/wp-content\/uploads\/2026\/02\/logo-ine.jpg","contentUrl":"https:\/\/www.ine.gob.bo\/wp-content\/uploads\/2026\/02\/logo-ine.jpg","width":799,"height":453,"caption":"Instituto Nacional de Estad\u00edstica"},"image":{"@id":"https:\/\/www.ine.gob.bo\/#\/schema\/logo\/image\/"},"sameAs":["https:\/\/www.facebook.com\/ineboliviaoficial","https:\/\/x.com\/INE_Bolivia","https:\/\/www.instagram.com\/ineboliviaoficial\/","https:\/\/www.youtube.com\/channel\/UCbIQXKLw414g5kWo1tAwqCg"]}]}},"rttpg_featured_image_url":null,"rttpg_author":{"display_name":"Roberto Pablo Intimayta Llanque","author_link":"https:\/\/www.ine.gob.bo\/index.php\/author\/rintimayta\/"},"rttpg_comment":0,"rttpg_category":null,"rttpg_excerpt":"[vc_row][vc_column][vc_empty_space][\/vc_column][\/vc_row]","_links":{"self":[{"href":"https:\/\/www.ine.gob.bo\/index.php\/wp-json\/wp\/v2\/pages\/48607","targetHints":{"allow":["GET"]}}],"collection":[{"href":"https:\/\/www.ine.gob.bo\/index.php\/wp-json\/wp\/v2\/pages"}],"about":[{"href":"https:\/\/www.ine.gob.bo\/index.php\/wp-json\/wp\/v2\/types\/page"}],"author":[{"embeddable":true,"href":"https:\/\/www.ine.gob.bo\/index.php\/wp-json\/wp\/v2\/users\/3"}],"replies":[{"embeddable":true,"href":"https:\/\/www.ine.gob.bo\/index.php\/wp-json\/wp\/v2\/comments?post=48607"}],"version-history":[{"count":0,"href":"https:\/\/www.ine.gob.bo\/index.php\/wp-json\/wp\/v2\/pages\/48607\/revisions"}],"up":[{"embeddable":true,"href":"https:\/\/www.ine.gob.bo\/index.php\/wp-json\/wp\/v2\/pages\/36792"}],"wp:attachment":[{"href":"https:\/\/www.ine.gob.bo\/index.php\/wp-json\/wp\/v2\/media?parent=48607"}],"curies":[{"name":"wp","href":"https:\/\/api.w.org\/{rel}","templated":true}]}}