{"id":47732,"date":"2020-06-24T08:29:32","date_gmt":"2020-06-24T12:29:32","guid":{"rendered":"https:\/\/www.ine.gob.bo\/?page_id=47732"},"modified":"2020-06-24T08:29:32","modified_gmt":"2020-06-24T12:29:32","slug":"ganaderia-publicaciones","status":"publish","type":"page","link":"https:\/\/www.ine.gob.bo\/index.php\/estadisticas-economicas\/ganaderia-y-avicultura\/ganaderia-publicaciones\/","title":{"rendered":"Ganader\u00eda"},"content":{"rendered":"<p>[vc_row][vc_column][vc_empty_space][vc_column_text]<\/p>\n<h3>Publicaciones<\/h3>\n<p>[\/vc_column_text]<div class=\"standard-arrow list-divider bullet-top\"><ul>\n<li><a class=\"wpfd_downloadlink\" title=\"DERRIBE DE GANADO BOVINO 2018 \u2013 2019\" href=\"https:\/\/www.ine.gob.bo\/index.php\/descarga\/220\/publicaciones\/47087\/derribe-de-ganado-bovino-2018-2019.pdf\">DERRIBE DE GANADO BOVINO 2018 \u2013 2019<\/a><\/li>\n<li><a class=\"wpfd_downloadlink\" title=\"DERRIBE DE GANADO BOVINO 2016-2017\" href=\"https:\/\/www.ine.gob.bo\/index.php\/descarga\/220\/publicaciones\/47089\/derribe-de-ganado-bovino-2016-2017.pdf\"><span class=\"extcol\">DERRIBE DE GANADO BOVINO 2016-2017<\/span><\/a><\/li>\n<li><a class=\"wpfd_downloadlink\" title=\"PRODUCCI\u00d3N DE CARNE Y OTROS SUBPRODUCTOS\" href=\"https:\/\/www.ine.gob.bo\/index.php\/descarga\/220\/publicaciones\/47086\/produccion-de-carne-y-otros-subproductos.pdf\"><span class=\"extcol\">PRODUCCI\u00d3N DE CARNE Y OTROS SUBPRODUCTOS<\/span><\/a><\/li>\n<li><a class=\"wpfd_downloadlink\" title=\"DERRIBE DE GANADO BOVINO POR PRINCIPALES CIUDADES\" href=\"https:\/\/www.ine.gob.bo\/index.php\/descarga\/220\/publicaciones\/47090\/derribe-de-ganado-bovino-por-principales-ciudades-2.pdf\"><span class=\"extcol\">DERRIBE DE GANADO BOVINO POR PRINCIPALES CIUDADES<\/span><\/a><\/li>\n<li><a class=\"wpfd_downloadlink\" title=\"DERRIBE DE GANADO 2015-2016\" href=\"https:\/\/www.ine.gob.bo\/index.php\/descarga\/220\/publicaciones\/38007\/derribe-de-ganado-2015-2016.pdf\"><span class=\"extcol\">DERRIBE DE GANADO 2015-2016<\/span><\/a><\/li>\n<li><a class=\"wpfd_downloadlink\" title=\"DERRIBE DE GANADO BOVINO POR DEPARTAMENTOS 2010-2011\" href=\"https:\/\/www.ine.gob.bo\/index.php\/descarga\/220\/publicaciones\/47091\/derribe-de-ganado-bovino-por-departamentos-2010-2011-2.pdf\"><span class=\"extcol\">DERRIBE DE GANADO BOVINO POR DEPARTAMENTOS 2010-2011<\/span><\/a><\/li>\n<li><a class=\"wpfd_downloadlink\" title=\"ESTAD\u00cdSTICAS DE DERRIBE DE GANADO BOVINO 2009 \u2013 2010\" href=\"https:\/\/www.ine.gob.bo\/index.php\/descarga\/220\/publicaciones\/47092\/estadisticas-de-derribe-de-ganado-bovino-2009-2010-2.pdf\"><span class=\"extcol\">ESTAD\u00cdSTICAS DE DERRIBE DE GANADO BOVINO 2009 \u2013 2010<\/span><\/a><\/li>\n<\/ul>\n<\/div>[vc_empty_space][\/vc_column][\/vc_row]<\/p>\n","protected":false},"excerpt":{"rendered":"<p>[vc_row][vc_column][vc_empty_space][vc_column_text] Publicaciones [\/vc_column_text][vc_empty_space][\/vc_column][\/vc_row]<\/p>\n","protected":false},"author":3,"featured_media":0,"parent":45750,"menu_order":0,"comment_status":"closed","ping_status":"closed","template":"","meta":[],"class_list":["post-47732","page","type-page","status-publish","hentry","description-off"],"yoast_head":"<!-- This site is optimized with the Yoast SEO plugin v23.2 - https:\/\/yoast.com\/wordpress\/plugins\/seo\/ -->\n<title>Ganader\u00eda - INE<\/title>\n<meta name=\"description\" content=\"P\u00e1gina oficial del Instituto Nacional de Estadisticas INE, informaci\u00f3n estad\u00edstica, geogr\u00e1fica y econ\u00f3mica a nivel nacional.\" \/>\n<meta name=\"robots\" content=\"index, follow, max-snippet:-1, max-image-preview:large, max-video-preview:-1\" \/>\n<link rel=\"canonical\" href=\"https:\/\/www.ine.gob.bo\/index.php\/estadisticas-economicas\/ganaderia-y-avicultura\/ganaderia-publicaciones\/\" \/>\n<meta property=\"og:locale\" content=\"es_ES\" \/>\n<meta property=\"og:type\" content=\"article\" \/>\n<meta property=\"og:title\" content=\"Ganader\u00eda - INE\" \/>\n<meta property=\"og:description\" content=\"P\u00e1gina oficial del Instituto Nacional de Estadisticas INE, informaci\u00f3n estad\u00edstica, geogr\u00e1fica y econ\u00f3mica a nivel nacional.\" \/>\n<meta property=\"og:url\" content=\"https:\/\/www.ine.gob.bo\/index.php\/estadisticas-economicas\/ganaderia-y-avicultura\/ganaderia-publicaciones\/\" \/>\n<meta property=\"og:site_name\" content=\"INE\" \/>\n<meta property=\"article:publisher\" content=\"https:\/\/www.facebook.com\/ineboliviaoficial\" \/>\n<meta name=\"twitter:card\" content=\"summary_large_image\" \/>\n<meta name=\"twitter:site\" content=\"@INE_Bolivia\" \/>\n<script type=\"application\/ld+json\" class=\"yoast-schema-graph\">{\"@context\":\"https:\/\/schema.org\",\"@graph\":[{\"@type\":\"WebPage\",\"@id\":\"https:\/\/www.ine.gob.bo\/index.php\/estadisticas-economicas\/ganaderia-y-avicultura\/ganaderia-publicaciones\/\",\"url\":\"https:\/\/www.ine.gob.bo\/index.php\/estadisticas-economicas\/ganaderia-y-avicultura\/ganaderia-publicaciones\/\",\"name\":\"Ganader\u00eda - INE\",\"isPartOf\":{\"@id\":\"https:\/\/www.ine.gob.bo\/#website\"},\"datePublished\":\"2020-06-24T12:29:32+00:00\",\"dateModified\":\"2020-06-24T12:29:32+00:00\",\"description\":\"P\u00e1gina oficial del Instituto Nacional de Estadisticas INE, informaci\u00f3n estad\u00edstica, geogr\u00e1fica y econ\u00f3mica a nivel nacional.\",\"breadcrumb\":{\"@id\":\"https:\/\/www.ine.gob.bo\/index.php\/estadisticas-economicas\/ganaderia-y-avicultura\/ganaderia-publicaciones\/#breadcrumb\"},\"inLanguage\":\"es\",\"potentialAction\":[{\"@type\":\"ReadAction\",\"target\":[\"https:\/\/www.ine.gob.bo\/index.php\/estadisticas-economicas\/ganaderia-y-avicultura\/ganaderia-publicaciones\/\"]}]},{\"@type\":\"BreadcrumbList\",\"@id\":\"https:\/\/www.ine.gob.bo\/index.php\/estadisticas-economicas\/ganaderia-y-avicultura\/ganaderia-publicaciones\/#breadcrumb\",\"itemListElement\":[{\"@type\":\"ListItem\",\"position\":1,\"name\":\"Portada\",\"item\":\"https:\/\/www.ine.gob.bo\/\"},{\"@type\":\"ListItem\",\"position\":2,\"name\":\"Estad\u00edsticas econ\u00f3micas\",\"item\":\"https:\/\/www.ine.gob.bo\/index.php\/estadisticas-economicas\/\"},{\"@type\":\"ListItem\",\"position\":3,\"name\":\"Ganader\u00eda y Avicultura\",\"item\":\"https:\/\/www.ine.gob.bo\/index.php\/estadisticas-economicas\/ganaderia-y-avicultura\/\"},{\"@type\":\"ListItem\",\"position\":4,\"name\":\"Ganader\u00eda\"}]},{\"@type\":\"WebSite\",\"@id\":\"https:\/\/www.ine.gob.bo\/#website\",\"url\":\"https:\/\/www.ine.gob.bo\/\",\"name\":\"INE\",\"description\":\"Instituto Nacional de Estad\u00edstica\",\"publisher\":{\"@id\":\"https:\/\/www.ine.gob.bo\/#organization\"},\"potentialAction\":[{\"@type\":\"SearchAction\",\"target\":{\"@type\":\"EntryPoint\",\"urlTemplate\":\"https:\/\/www.ine.gob.bo\/?s={search_term_string}\"},\"query-input\":\"required name=search_term_string\"}],\"inLanguage\":\"es\"},{\"@type\":\"Organization\",\"@id\":\"https:\/\/www.ine.gob.bo\/#organization\",\"name\":\"Instituto Nacional de Estad\u00edstica\",\"url\":\"https:\/\/www.ine.gob.bo\/\",\"logo\":{\"@type\":\"ImageObject\",\"inLanguage\":\"es\",\"@id\":\"https:\/\/www.ine.gob.bo\/#\/schema\/logo\/image\/\",\"url\":\"https:\/\/www.ine.gob.bo\/wp-content\/uploads\/2026\/02\/logo-ine.jpg\",\"contentUrl\":\"https:\/\/www.ine.gob.bo\/wp-content\/uploads\/2026\/02\/logo-ine.jpg\",\"width\":799,\"height\":453,\"caption\":\"Instituto Nacional de Estad\u00edstica\"},\"image\":{\"@id\":\"https:\/\/www.ine.gob.bo\/#\/schema\/logo\/image\/\"},\"sameAs\":[\"https:\/\/www.facebook.com\/ineboliviaoficial\",\"https:\/\/x.com\/INE_Bolivia\",\"https:\/\/www.instagram.com\/ineboliviaoficial\/\",\"https:\/\/www.youtube.com\/channel\/UCbIQXKLw414g5kWo1tAwqCg\"]}]}<\/script>\n<!-- \/ Yoast SEO plugin. -->","yoast_head_json":{"title":"Ganader\u00eda - INE","description":"P\u00e1gina oficial del Instituto Nacional de Estadisticas INE, informaci\u00f3n estad\u00edstica, geogr\u00e1fica y econ\u00f3mica a nivel nacional.","robots":{"index":"index","follow":"follow","max-snippet":"max-snippet:-1","max-image-preview":"max-image-preview:large","max-video-preview":"max-video-preview:-1"},"canonical":"https:\/\/www.ine.gob.bo\/index.php\/estadisticas-economicas\/ganaderia-y-avicultura\/ganaderia-publicaciones\/","og_locale":"es_ES","og_type":"article","og_title":"Ganader\u00eda - INE","og_description":"P\u00e1gina oficial del Instituto Nacional de Estadisticas INE, informaci\u00f3n estad\u00edstica, geogr\u00e1fica y econ\u00f3mica a nivel nacional.","og_url":"https:\/\/www.ine.gob.bo\/index.php\/estadisticas-economicas\/ganaderia-y-avicultura\/ganaderia-publicaciones\/","og_site_name":"INE","article_publisher":"https:\/\/www.facebook.com\/ineboliviaoficial","twitter_card":"summary_large_image","twitter_site":"@INE_Bolivia","schema":{"@context":"https:\/\/schema.org","@graph":[{"@type":"WebPage","@id":"https:\/\/www.ine.gob.bo\/index.php\/estadisticas-economicas\/ganaderia-y-avicultura\/ganaderia-publicaciones\/","url":"https:\/\/www.ine.gob.bo\/index.php\/estadisticas-economicas\/ganaderia-y-avicultura\/ganaderia-publicaciones\/","name":"Ganader\u00eda - INE","isPartOf":{"@id":"https:\/\/www.ine.gob.bo\/#website"},"datePublished":"2020-06-24T12:29:32+00:00","dateModified":"2020-06-24T12:29:32+00:00","description":"P\u00e1gina oficial del Instituto Nacional de Estadisticas INE, informaci\u00f3n estad\u00edstica, geogr\u00e1fica y econ\u00f3mica a nivel nacional.","breadcrumb":{"@id":"https:\/\/www.ine.gob.bo\/index.php\/estadisticas-economicas\/ganaderia-y-avicultura\/ganaderia-publicaciones\/#breadcrumb"},"inLanguage":"es","potentialAction":[{"@type":"ReadAction","target":["https:\/\/www.ine.gob.bo\/index.php\/estadisticas-economicas\/ganaderia-y-avicultura\/ganaderia-publicaciones\/"]}]},{"@type":"BreadcrumbList","@id":"https:\/\/www.ine.gob.bo\/index.php\/estadisticas-economicas\/ganaderia-y-avicultura\/ganaderia-publicaciones\/#breadcrumb","itemListElement":[{"@type":"ListItem","position":1,"name":"Portada","item":"https:\/\/www.ine.gob.bo\/"},{"@type":"ListItem","position":2,"name":"Estad\u00edsticas econ\u00f3micas","item":"https:\/\/www.ine.gob.bo\/index.php\/estadisticas-economicas\/"},{"@type":"ListItem","position":3,"name":"Ganader\u00eda y Avicultura","item":"https:\/\/www.ine.gob.bo\/index.php\/estadisticas-economicas\/ganaderia-y-avicultura\/"},{"@type":"ListItem","position":4,"name":"Ganader\u00eda"}]},{"@type":"WebSite","@id":"https:\/\/www.ine.gob.bo\/#website","url":"https:\/\/www.ine.gob.bo\/","name":"INE","description":"Instituto Nacional de Estad\u00edstica","publisher":{"@id":"https:\/\/www.ine.gob.bo\/#organization"},"potentialAction":[{"@type":"SearchAction","target":{"@type":"EntryPoint","urlTemplate":"https:\/\/www.ine.gob.bo\/?s={search_term_string}"},"query-input":"required name=search_term_string"}],"inLanguage":"es"},{"@type":"Organization","@id":"https:\/\/www.ine.gob.bo\/#organization","name":"Instituto Nacional de Estad\u00edstica","url":"https:\/\/www.ine.gob.bo\/","logo":{"@type":"ImageObject","inLanguage":"es","@id":"https:\/\/www.ine.gob.bo\/#\/schema\/logo\/image\/","url":"https:\/\/www.ine.gob.bo\/wp-content\/uploads\/2026\/02\/logo-ine.jpg","contentUrl":"https:\/\/www.ine.gob.bo\/wp-content\/uploads\/2026\/02\/logo-ine.jpg","width":799,"height":453,"caption":"Instituto Nacional de Estad\u00edstica"},"image":{"@id":"https:\/\/www.ine.gob.bo\/#\/schema\/logo\/image\/"},"sameAs":["https:\/\/www.facebook.com\/ineboliviaoficial","https:\/\/x.com\/INE_Bolivia","https:\/\/www.instagram.com\/ineboliviaoficial\/","https:\/\/www.youtube.com\/channel\/UCbIQXKLw414g5kWo1tAwqCg"]}]}},"rttpg_featured_image_url":null,"rttpg_author":{"display_name":"Roberto Pablo Intimayta Llanque","author_link":"https:\/\/www.ine.gob.bo\/index.php\/author\/rintimayta\/"},"rttpg_comment":0,"rttpg_category":null,"rttpg_excerpt":"[vc_row][vc_column][vc_empty_space][vc_column_text] Publicaciones [\/vc_column_text][vc_empty_space][\/vc_column][\/vc_row]","_links":{"self":[{"href":"https:\/\/www.ine.gob.bo\/index.php\/wp-json\/wp\/v2\/pages\/47732","targetHints":{"allow":["GET"]}}],"collection":[{"href":"https:\/\/www.ine.gob.bo\/index.php\/wp-json\/wp\/v2\/pages"}],"about":[{"href":"https:\/\/www.ine.gob.bo\/index.php\/wp-json\/wp\/v2\/types\/page"}],"author":[{"embeddable":true,"href":"https:\/\/www.ine.gob.bo\/index.php\/wp-json\/wp\/v2\/users\/3"}],"replies":[{"embeddable":true,"href":"https:\/\/www.ine.gob.bo\/index.php\/wp-json\/wp\/v2\/comments?post=47732"}],"version-history":[{"count":0,"href":"https:\/\/www.ine.gob.bo\/index.php\/wp-json\/wp\/v2\/pages\/47732\/revisions"}],"up":[{"embeddable":true,"href":"https:\/\/www.ine.gob.bo\/index.php\/wp-json\/wp\/v2\/pages\/45750"}],"wp:attachment":[{"href":"https:\/\/www.ine.gob.bo\/index.php\/wp-json\/wp\/v2\/media?parent=47732"}],"curies":[{"name":"wp","href":"https:\/\/api.w.org\/{rel}","templated":true}]}}