{"id":46494,"date":"2020-05-21T19:16:46","date_gmt":"2020-05-21T23:16:46","guid":{"rendered":"https:\/\/www.ine.gob.bo\/?page_id=46494"},"modified":"2026-05-04T15:33:52","modified_gmt":"2026-05-04T19:33:52","slug":"censos-y-proyecciones-de-poblacion-sociales","status":"publish","type":"page","link":"https:\/\/www.ine.gob.bo\/index.php\/censos-y-proyecciones-de-poblacion-sociales\/","title":{"rendered":"Poblaci\u00f3n y Hechos Vitales"},"content":{"rendered":"<p>[vc_row][vc_column][vc_empty_space]<div class=\"standard-arrow list-divider bullet-top\"><h3>Proyecciones de Poblaci\u00f3n,\u00a0<strong>Revisi\u00f3n\u00a0<\/strong>2025<\/h3>\n<p>La Revisi\u00f3n 2025 corresponde a la revisi\u00f3n de la serie de estimaciones y proyecciones con base a informaci\u00f3n del censo de poblaci\u00f3n y vivienda 2024, los registros administrativos disponibles de poblaci\u00f3n matriculada, nacimientos, inmunizaci\u00f3n y poblaci\u00f3n habilitada para votar y defunciones. Asimismo, se actualizaron los componentes de fecundidad y mortalidad infantil y en la ni\u00f1ez con base a la \u00faltima encuesta de Demograf\u00eda y Salud EDSA 2023. Para la estimaci\u00f3n de los emigrantes, adicionalmente, se consultaron informaci\u00f3n disponible de pa\u00edses en la ronda de censos 2020 y las plataformas de datos de los Institutos Nacionales de Estad\u00edstica como el patr\u00f3n municipal de Espa\u00f1a, OECD Data Explorer y IBGE (Instituto Brasilero de Geograf\u00eda y Estad\u00edstica).<\/p>\n<p>De esta manera se logr\u00f3 actualizar \u00faltimos cambios en la din\u00e1mica y estructura poblacional, incorporando el descenso acelerado de la fecundidad, el efecto de la pandemia en el componente de mortalidad.<\/p>\n<ul>\n<li><a href=\"https:\/\/nimbus.ine.gob.bo\/index.php\/s\/nBq9cK6Mn5L2Q4a\/download\" target=\"_blank\" rel=\"noopener\">BOLIVIA: PROYECCIONES DE POBLACI\u00d3N DE AMBOS SEXOS, SEG\u00daN EDAD, 2024-2034<\/a><\/li>\n<li><a href=\"https:\/\/nimbus.ine.gob.bo\/index.php\/s\/XxZxSi83BHQaj2g\/download\" target=\"_blank\" rel=\"noopener\">BOLIVIA: PROYECCIONES DE POBLACI\u00d3N DE AMBOS SEXOS, POR DEPARTAMENTO SEG\u00daN EDADES SIMPLES, 2024-2034<\/a><\/li>\n<li><a href=\"https:\/\/nimbus.ine.gob.bo\/index.php\/s\/Gx4TRNsi4fT2TH8\/download\" target=\"_blank\" rel=\"noopener\">BOLIVIA: PROYECCIONES DE POBLACI\u00d3N, SEG\u00daN DEPARTAMENTO Y MUNICIPIO\/TIOC, 2024-2034<\/a><\/li>\n<li><a href=\"https:\/\/nimbus.ine.gob.bo\/index.php\/s\/si4iZ9NSq3QMH6B\/download\" target=\"_blank\" rel=\"noopener\">BOLIVIA: PROYECCI\u00d3N DE LA POBLACI\u00d3N TOTAL E INDICADORES DEMOGR\u00c1FICOS, \u00a02024-2034<\/a><\/li>\n<li><a href=\"https:\/\/nimbus.ine.gob.bo\/index.php\/s\/bJm5kKqLRCaxZAX\/download\" target=\"_blank\" rel=\"noopener\">BOLIVIA: PROYECCI\u00d3N DE LA POBLACI\u00d3N TOTAL E INDICADORES DEMOGR\u00c1FICOS, POR DEPARTAMENTO\u00a02024-2034<\/a><\/li>\n<li><a href=\"https:\/\/nimbus.ine.gob.bo\/index.php\/s\/Dckwi79Zzn9sJdW\/download\">BOLIVIA: POBLACI\u00d3N ESTIMADA Y PROYECTADA POR DEPARTAMENTO, SEG\u00daN A\u00d1OS CALENDARIO, 2024-2034<\/a><\/li>\n<li><a href=\"https:\/\/nimbus.ine.gob.bo\/index.php\/s\/kdz7ktspssFz6C4\/download\" target=\"_blank\" rel=\"noopener\">BOLIVIA: POBLACI\u00d3N ESTIMADA Y PROYECTADA Y TASA DE CRECIMIENTO SEG\u00daN A\u00d1OS CALENDARIO, 2000 \u2013 2050<\/a><\/li>\n<li><a href=\"https:\/\/nimbus.ine.gob.bo\/index.php\/s\/g3QPXLGSLmXPEsF\/download\" target=\"_blank\" rel=\"noopener\">BOLIVIA: PROYECCIONES DE POBLACI\u00d3N POR SEXO, SEG\u00daN EDAD, 2024-2034<\/a><\/li>\n<li><a href=\"https:\/\/nimbus.ine.gob.bo\/index.php\/s\/yH5aDcLtLZY73HG\/download\" target=\"_blank\" rel=\"noopener\">BOLIVIA: PROYECCIONES DE POBLACI\u00d3N POR SEXO, SEG\u00daN DEPARTAMENTO Y EDAD, 2024-2034<\/a><\/li>\n<li><a href=\"https:\/\/nimbus.ine.gob.bo\/index.php\/s\/PaHRM4KgJXASM6n\/download\"><span id=\"OBJ_PREFIX_DWT66_com_zimbra_url\" class=\"Object\" role=\"link\"><span id=\"OBJ_PREFIX_DWT109_com_zimbra_url\" class=\"Object\" role=\"link\">Documento metodol\u00f3gico, Revisi\u00f3n 2025<\/span><\/span><\/a><\/li>\n<\/ul>\n<h3>Proyecciones de Poblaci\u00f3n, <strong>Revisi\u00f3n <\/strong>2020<\/h3>\n<p>La Revisi\u00f3n 2020 se actualiz\u00f3 en base a informaci\u00f3n de fecundidad y mortalidad provista por la Encuesta de Demograf\u00eda y Salud 2016 e informaci\u00f3n de registros administrativos a nivel municipal con lo cual se logr\u00f3 actualizar \u00faltimos cambios en la din\u00e1mica y estructura poblacional.<\/p>\n<ul>\n<li><a style=\"font-size: 14px; font-weight: normal;\" href=\"https:\/\/nube.ine.gob.bo\/index.php\/s\/4HGAf9gp5E6k68z\/download\">BOLIVIA: PROYECCIONES DE POBLACI\u00d3N DE AMBOS SEXOS, SEG\u00daN EDAD, 2012-2022<\/a><\/li>\n<li><a style=\"font-size: 14px; font-weight: normal;\" href=\"https:\/\/nube.ine.gob.bo\/index.php\/s\/psWyvuZKoVecTea\/download\">BOLIVIA: PROYECCIONES DE POBLACI\u00d3N DE AMBOS SEXOS, POR DEPARTAMENTO SEG\u00daN EDADES SIMPLES, 2012-2022<\/a><\/li>\n<li><a style=\"font-size: 14px; font-weight: normal;\" href=\"https:\/\/nube.ine.gob.bo\/index.php\/s\/ScBaqvua5kYGLVI\/download\">BOLIVIA: PROYECCIONES DE POBLACI\u00d3N, SEG\u00daN DEPARTAMENTO Y MUNICIPIO, 2012-2022<\/a><\/li>\n<li><a style=\"font-size: 14px; font-weight: normal;\" href=\"https:\/\/nube.ine.gob.bo\/index.php\/s\/Uo1sdFNHCzmy6hi\/download\">BOLIVIA: PROYECCI\u00d3N DE LA POBLACI\u00d3N TOTAL E INDICADORES DEMOGR\u00c1FICOS, 2012-2022<\/a><\/li>\n<li><a style=\"font-size: 14px; font-weight: normal;\" href=\"https:\/\/nube.ine.gob.bo\/index.php\/s\/u6zGnWJ12QpAKqu\/download\">BOLIVIA: PROYECCI\u00d3N DE LA POBLACI\u00d3N TOTAL E INDICADORES DEMOGR\u00c1FICOS, POR DEPARTAMENTO\u00a0 2012-2022<\/a><\/li>\n<li><a style=\"font-size: 14px; font-weight: normal;\" href=\"https:\/\/nube.ine.gob.bo\/index.php\/s\/21iRmm8XM2x4U5t\/download\">BOLIVIA: POBLACI\u00d3N ESTIMADA Y PROYECTADA POR DEPARTAMENTO, SEG\u00daN A\u00d1OS CALENDARIO, 2012-2022<\/a><\/li>\n<li><a style=\"font-size: 14px; font-weight: normal;\" href=\"https:\/\/nube.ine.gob.bo\/index.php\/s\/fyeHKHO9Zaeep2y\/download\">BOLIVIA: POBLACI\u00d3N ESTIMADA Y PROYECTADA Y TASA DE CRECIMIENTO SEG\u00daN A\u00d1OS CALENDARIO, 2000 &#8211; 2050<\/a><\/li>\n<li><a href=\"https:\/\/nube.ine.gob.bo\/index.php\/s\/DzUf2p2GnkVFwFQ\/download\">BOLIVIA: PROYECCIONES DE POBLACI\u00d3N POR SEXO, SEG\u00daN EDAD, 2012-2022<\/a><\/li>\n<li><a href=\"https:\/\/nube.ine.gob.bo\/index.php\/s\/vFDAf81LAB0xM4s\/download\">BOLIVIA: PROYECCIONES DE POBLACI\u00d3N POR SEXO, SEG\u00daN DEPARTAMENTO Y EDAD, 2012-2022<\/a><\/li>\n<li><a href=\"https:\/\/nube.ine.gob.bo\/index.php\/s\/xQ9FEydoCYqaWOR\/download\">Documento metodol\u00f3gico, Revisi\u00f3n 2020<\/a><\/li>\n<\/ul>\n<h3>Proyecciones de Poblaci\u00f3n, <strong>Revisi\u00f3n <\/strong>2014<\/h3>\n<ul>\n<li><a href=\"https:\/\/nube.ine.gob.bo\/index.php\/s\/AbsE2G0qzuc0Rwv\/download\">BOLIVIA: PROYECCIONES DE POBLACI\u00d3N DE AMBOS SEXOS, SEG\u00daN EDAD, 2012-2020<\/a><\/li>\n<li><a href=\"https:\/\/nube.ine.gob.bo\/index.php\/s\/JHnZ7zHhri0bWY1\/download\">BOLIVIA: PROYECCIONES DE POBLACI\u00d3N DE AMBOS SEXOS, POR DEPARTAMENTO SEG\u00daN EDADES SIMPLES, 2012-2020<\/a><\/li>\n<li><a href=\"https:\/\/nube.ine.gob.bo\/index.php\/s\/nuZZ0mT0tX6alah\/download\">BOLIVIA: PROYECCIONES DE POBLACI\u00d3N, SEG\u00daN DEPARTAMENTO Y MUNICIPIO, 2012-2020<\/a><\/li>\n<li><a href=\"https:\/\/nube.ine.gob.bo\/index.php\/s\/9d0SrEUNSnxnHTc\/download\">BOLIVIA: PROYECCI\u00d3N DE LA POBLACI\u00d3N TOTAL E INDICADORES DEMOGR\u00c1FICOS, 2012-2020<\/a><\/li>\n<li><a href=\"https:\/\/nube.ine.gob.bo\/index.php\/s\/L2SPHTzNcR5flCV\/download\">BOLIVIA: PROYECCI\u00d3N DE LA POBLACI\u00d3N TOTAL E INDICADORES DEMOGR\u00c1FICOS, POR DEPARTAMENTO\u00a0 2012-2020<\/a><\/li>\n<li><a href=\"https:\/\/nube.ine.gob.bo\/index.php\/s\/JPqPbknARAJX8Rt\/download\">BOLIVIA: POBLACI\u00d3N ESTIMADA Y PROYECTADA POR DEPARTAMENTO, SEG\u00daN A\u00d1OS CALENDARIO, 2000-2025<\/a><\/li>\n<li><a href=\"https:\/\/nube.ine.gob.bo\/index.php\/s\/HDsbRZQ9Zctk0Wa\/download\">BOLIVIA: POBLACI\u00d3N ESTIMADA Y PROYECTADA Y TASA DE CRECIMIENTO SEG\u00daN A\u00d1OS CALENDARIO, 2000 \u2013 2050<\/a><\/li>\n<li><a href=\"https:\/\/nube.ine.gob.bo\/index.php\/s\/B9nJ1YYAxMYim1J\/download\">Documento metodol\u00f3gico, Revisi\u00f3n 2014<\/a><\/li>\n<\/ul>\n<\/div>[\/vc_column][\/vc_row]<\/p>\n","protected":false},"excerpt":{"rendered":"<p>[vc_row][vc_column][vc_empty_space][\/vc_column][\/vc_row]<\/p>\n","protected":false},"author":3,"featured_media":0,"parent":0,"menu_order":0,"comment_status":"closed","ping_status":"closed","template":"","meta":[],"class_list":["post-46494","page","type-page","status-publish","hentry","description-off"],"yoast_head":"<!-- This site is optimized with the Yoast SEO plugin v23.2 - https:\/\/yoast.com\/wordpress\/plugins\/seo\/ -->\n<title>Poblaci\u00f3n y Hechos Vitales - INE<\/title>\n<meta name=\"description\" content=\"P\u00e1gina oficial del Instituto Nacional de Estadisticas INE, informaci\u00f3n estad\u00edstica, geogr\u00e1fica y econ\u00f3mica a nivel nacional.\" \/>\n<meta name=\"robots\" content=\"index, follow, max-snippet:-1, max-image-preview:large, max-video-preview:-1\" \/>\n<link rel=\"canonical\" href=\"https:\/\/www.ine.gob.bo\/index.php\/censos-y-proyecciones-de-poblacion-sociales\/\" \/>\n<meta property=\"og:locale\" content=\"es_ES\" \/>\n<meta property=\"og:type\" content=\"article\" \/>\n<meta property=\"og:title\" content=\"Poblaci\u00f3n y Hechos Vitales - INE\" \/>\n<meta property=\"og:description\" content=\"P\u00e1gina oficial del Instituto Nacional de Estadisticas INE, informaci\u00f3n estad\u00edstica, geogr\u00e1fica y econ\u00f3mica a nivel nacional.\" \/>\n<meta property=\"og:url\" content=\"https:\/\/www.ine.gob.bo\/index.php\/censos-y-proyecciones-de-poblacion-sociales\/\" \/>\n<meta property=\"og:site_name\" content=\"INE\" \/>\n<meta property=\"article:publisher\" content=\"https:\/\/www.facebook.com\/ineboliviaoficial\" \/>\n<meta property=\"article:modified_time\" content=\"2026-05-04T19:33:52+00:00\" \/>\n<meta name=\"twitter:card\" content=\"summary_large_image\" \/>\n<meta name=\"twitter:site\" content=\"@INE_Bolivia\" \/>\n<meta name=\"twitter:label1\" content=\"Tiempo de lectura\" \/>\n\t<meta name=\"twitter:data1\" content=\"3 minutos\" \/>\n<script type=\"application\/ld+json\" class=\"yoast-schema-graph\">{\"@context\":\"https:\/\/schema.org\",\"@graph\":[{\"@type\":\"WebPage\",\"@id\":\"https:\/\/www.ine.gob.bo\/index.php\/censos-y-proyecciones-de-poblacion-sociales\/\",\"url\":\"https:\/\/www.ine.gob.bo\/index.php\/censos-y-proyecciones-de-poblacion-sociales\/\",\"name\":\"Poblaci\u00f3n y Hechos Vitales - INE\",\"isPartOf\":{\"@id\":\"https:\/\/www.ine.gob.bo\/#website\"},\"datePublished\":\"2020-05-21T23:16:46+00:00\",\"dateModified\":\"2026-05-04T19:33:52+00:00\",\"description\":\"P\u00e1gina oficial del Instituto Nacional de Estadisticas INE, informaci\u00f3n estad\u00edstica, geogr\u00e1fica y econ\u00f3mica a nivel nacional.\",\"breadcrumb\":{\"@id\":\"https:\/\/www.ine.gob.bo\/index.php\/censos-y-proyecciones-de-poblacion-sociales\/#breadcrumb\"},\"inLanguage\":\"es\",\"potentialAction\":[{\"@type\":\"ReadAction\",\"target\":[\"https:\/\/www.ine.gob.bo\/index.php\/censos-y-proyecciones-de-poblacion-sociales\/\"]}]},{\"@type\":\"BreadcrumbList\",\"@id\":\"https:\/\/www.ine.gob.bo\/index.php\/censos-y-proyecciones-de-poblacion-sociales\/#breadcrumb\",\"itemListElement\":[{\"@type\":\"ListItem\",\"position\":1,\"name\":\"Portada\",\"item\":\"https:\/\/www.ine.gob.bo\/\"},{\"@type\":\"ListItem\",\"position\":2,\"name\":\"Poblaci\u00f3n y Hechos Vitales\"}]},{\"@type\":\"WebSite\",\"@id\":\"https:\/\/www.ine.gob.bo\/#website\",\"url\":\"https:\/\/www.ine.gob.bo\/\",\"name\":\"INE\",\"description\":\"Instituto Nacional de Estad\u00edstica\",\"publisher\":{\"@id\":\"https:\/\/www.ine.gob.bo\/#organization\"},\"potentialAction\":[{\"@type\":\"SearchAction\",\"target\":{\"@type\":\"EntryPoint\",\"urlTemplate\":\"https:\/\/www.ine.gob.bo\/?s={search_term_string}\"},\"query-input\":\"required name=search_term_string\"}],\"inLanguage\":\"es\"},{\"@type\":\"Organization\",\"@id\":\"https:\/\/www.ine.gob.bo\/#organization\",\"name\":\"Instituto Nacional de Estad\u00edstica\",\"url\":\"https:\/\/www.ine.gob.bo\/\",\"logo\":{\"@type\":\"ImageObject\",\"inLanguage\":\"es\",\"@id\":\"https:\/\/www.ine.gob.bo\/#\/schema\/logo\/image\/\",\"url\":\"https:\/\/www.ine.gob.bo\/wp-content\/uploads\/2026\/02\/logo-ine.jpg\",\"contentUrl\":\"https:\/\/www.ine.gob.bo\/wp-content\/uploads\/2026\/02\/logo-ine.jpg\",\"width\":799,\"height\":453,\"caption\":\"Instituto Nacional de Estad\u00edstica\"},\"image\":{\"@id\":\"https:\/\/www.ine.gob.bo\/#\/schema\/logo\/image\/\"},\"sameAs\":[\"https:\/\/www.facebook.com\/ineboliviaoficial\",\"https:\/\/x.com\/INE_Bolivia\",\"https:\/\/www.instagram.com\/ineboliviaoficial\/\",\"https:\/\/www.youtube.com\/channel\/UCbIQXKLw414g5kWo1tAwqCg\"]}]}<\/script>\n<!-- \/ Yoast SEO plugin. -->","yoast_head_json":{"title":"Poblaci\u00f3n y Hechos Vitales - INE","description":"P\u00e1gina oficial del Instituto Nacional de Estadisticas INE, informaci\u00f3n estad\u00edstica, geogr\u00e1fica y econ\u00f3mica a nivel nacional.","robots":{"index":"index","follow":"follow","max-snippet":"max-snippet:-1","max-image-preview":"max-image-preview:large","max-video-preview":"max-video-preview:-1"},"canonical":"https:\/\/www.ine.gob.bo\/index.php\/censos-y-proyecciones-de-poblacion-sociales\/","og_locale":"es_ES","og_type":"article","og_title":"Poblaci\u00f3n y Hechos Vitales - INE","og_description":"P\u00e1gina oficial del Instituto Nacional de Estadisticas INE, informaci\u00f3n estad\u00edstica, geogr\u00e1fica y econ\u00f3mica a nivel nacional.","og_url":"https:\/\/www.ine.gob.bo\/index.php\/censos-y-proyecciones-de-poblacion-sociales\/","og_site_name":"INE","article_publisher":"https:\/\/www.facebook.com\/ineboliviaoficial","article_modified_time":"2026-05-04T19:33:52+00:00","twitter_card":"summary_large_image","twitter_site":"@INE_Bolivia","twitter_misc":{"Tiempo de lectura":"3 minutos"},"schema":{"@context":"https:\/\/schema.org","@graph":[{"@type":"WebPage","@id":"https:\/\/www.ine.gob.bo\/index.php\/censos-y-proyecciones-de-poblacion-sociales\/","url":"https:\/\/www.ine.gob.bo\/index.php\/censos-y-proyecciones-de-poblacion-sociales\/","name":"Poblaci\u00f3n y Hechos Vitales - INE","isPartOf":{"@id":"https:\/\/www.ine.gob.bo\/#website"},"datePublished":"2020-05-21T23:16:46+00:00","dateModified":"2026-05-04T19:33:52+00:00","description":"P\u00e1gina oficial del Instituto Nacional de Estadisticas INE, informaci\u00f3n estad\u00edstica, geogr\u00e1fica y econ\u00f3mica a nivel nacional.","breadcrumb":{"@id":"https:\/\/www.ine.gob.bo\/index.php\/censos-y-proyecciones-de-poblacion-sociales\/#breadcrumb"},"inLanguage":"es","potentialAction":[{"@type":"ReadAction","target":["https:\/\/www.ine.gob.bo\/index.php\/censos-y-proyecciones-de-poblacion-sociales\/"]}]},{"@type":"BreadcrumbList","@id":"https:\/\/www.ine.gob.bo\/index.php\/censos-y-proyecciones-de-poblacion-sociales\/#breadcrumb","itemListElement":[{"@type":"ListItem","position":1,"name":"Portada","item":"https:\/\/www.ine.gob.bo\/"},{"@type":"ListItem","position":2,"name":"Poblaci\u00f3n y Hechos Vitales"}]},{"@type":"WebSite","@id":"https:\/\/www.ine.gob.bo\/#website","url":"https:\/\/www.ine.gob.bo\/","name":"INE","description":"Instituto Nacional de Estad\u00edstica","publisher":{"@id":"https:\/\/www.ine.gob.bo\/#organization"},"potentialAction":[{"@type":"SearchAction","target":{"@type":"EntryPoint","urlTemplate":"https:\/\/www.ine.gob.bo\/?s={search_term_string}"},"query-input":"required name=search_term_string"}],"inLanguage":"es"},{"@type":"Organization","@id":"https:\/\/www.ine.gob.bo\/#organization","name":"Instituto Nacional de Estad\u00edstica","url":"https:\/\/www.ine.gob.bo\/","logo":{"@type":"ImageObject","inLanguage":"es","@id":"https:\/\/www.ine.gob.bo\/#\/schema\/logo\/image\/","url":"https:\/\/www.ine.gob.bo\/wp-content\/uploads\/2026\/02\/logo-ine.jpg","contentUrl":"https:\/\/www.ine.gob.bo\/wp-content\/uploads\/2026\/02\/logo-ine.jpg","width":799,"height":453,"caption":"Instituto Nacional de Estad\u00edstica"},"image":{"@id":"https:\/\/www.ine.gob.bo\/#\/schema\/logo\/image\/"},"sameAs":["https:\/\/www.facebook.com\/ineboliviaoficial","https:\/\/x.com\/INE_Bolivia","https:\/\/www.instagram.com\/ineboliviaoficial\/","https:\/\/www.youtube.com\/channel\/UCbIQXKLw414g5kWo1tAwqCg"]}]}},"rttpg_featured_image_url":null,"rttpg_author":{"display_name":"Roberto Pablo Intimayta Llanque","author_link":"https:\/\/www.ine.gob.bo\/index.php\/author\/rintimayta\/"},"rttpg_comment":0,"rttpg_category":null,"rttpg_excerpt":"[vc_row][vc_column][vc_empty_space][\/vc_column][\/vc_row]","_links":{"self":[{"href":"https:\/\/www.ine.gob.bo\/index.php\/wp-json\/wp\/v2\/pages\/46494","targetHints":{"allow":["GET"]}}],"collection":[{"href":"https:\/\/www.ine.gob.bo\/index.php\/wp-json\/wp\/v2\/pages"}],"about":[{"href":"https:\/\/www.ine.gob.bo\/index.php\/wp-json\/wp\/v2\/types\/page"}],"author":[{"embeddable":true,"href":"https:\/\/www.ine.gob.bo\/index.php\/wp-json\/wp\/v2\/users\/3"}],"replies":[{"embeddable":true,"href":"https:\/\/www.ine.gob.bo\/index.php\/wp-json\/wp\/v2\/comments?post=46494"}],"version-history":[{"count":7,"href":"https:\/\/www.ine.gob.bo\/index.php\/wp-json\/wp\/v2\/pages\/46494\/revisions"}],"predecessor-version":[{"id":74256,"href":"https:\/\/www.ine.gob.bo\/index.php\/wp-json\/wp\/v2\/pages\/46494\/revisions\/74256"}],"wp:attachment":[{"href":"https:\/\/www.ine.gob.bo\/index.php\/wp-json\/wp\/v2\/media?parent=46494"}],"curies":[{"name":"wp","href":"https:\/\/api.w.org\/{rel}","templated":true}]}}