{"id":42521,"date":"2019-08-07T13:32:59","date_gmt":"2019-08-07T11:32:59","guid":{"rendered":"https:\/\/www.ine.gob.bo\/?page_id=42521"},"modified":"2021-03-26T09:12:30","modified_gmt":"2021-03-26T13:12:30","slug":"genero","status":"publish","type":"page","link":"https:\/\/www.ine.gob.bo\/index.php\/estadisticas-sociales\/genero\/","title":{"rendered":"G\u00e9nero"},"content":{"rendered":"<p>[vc_row][vc_column][vc_tta_tabs][vc_tta_section title=&#8221;Introducci\u00f3n&#8221; tab_id=&#8221;1559000613762-93bd70cb-ae37&#8243;][vc_single_image image=&#8221;43099&#8243; img_size=&#8221;medium&#8221; alignment=&#8221;center&#8221; style=&#8221;vc_box_border&#8221;][vc_column_text]La igualdad y equidad de g\u00e9nero han sido considerados como temas latentes en la generaci\u00f3n de pol\u00edticas, planes y programas que deben ser adoptadas por los gobiernos centrales. En tal sentido, la generaci\u00f3n de estad\u00edsticas e indicadores tendientes a la satisfacci\u00f3n de estas necesidades de informaci\u00f3n, constituyen una herramienta imprescindible para los tomadores de decisi\u00f3n, como tambi\u00e9n a las instituciones y organizaciones que se preocupan por la participaci\u00f3n de la mujer con relaci\u00f3n al hombre dentro la sociedad y como tambi\u00e9n al p\u00fablico en general que desee conocer las caracter\u00edsticas de la poblaci\u00f3n con un enfoque de g\u00e9nero.[\/vc_column_text][\/vc_tta_section][vc_tta_section title=&#8221;Boletines Estad\u00edsticos&#8221; tab_id=&#8221;1559001527787-a88ab783-54b7&#8243;][vc_custom_heading text=&#8221;Notas de prensa:&#8221; font_container=&#8221;tag:h4|text_align:left&#8221; use_theme_fonts=&#8221;yes&#8221;][vc_column_text]    <div class=\"wpfd-file wpfd-single-file\" data-file=\"42523\">\n        <div class=\"wpfd-file-link wpfd_downloadlink\">\n                        <a class=\"noLightbox wpfd-single-file-downloadicon\"\n               href=\"https:\/\/www.ine.gob.bo\/index.php\/descarga\/378\/genero\/42523\/ine-informa-sobre-la-poblacion-indigena-femenina-en-bolivia.pdf\"\n               data-id=\"42523\"\n               title=\"\">\n                <img decoding=\"async\" src=\"https:\/\/www.ine.gob.bo\/wp-content\/plugins\/wp-file-download\/app\/site\/assets\/images\/theme\/download.png\" \/>\n            <\/a>\n            <a class=\"noLightbox\"\n               href=\"https:\/\/www.ine.gob.bo\/index.php\/descarga\/378\/genero\/42523\/ine-informa-sobre-la-poblacion-indigena-femenina-en-bolivia.pdf\"\n               data-id=\"42523\"\n               title=\"\">\n                <span class=\"droptitle\">\n                    INE informa sobre la poblacio\u0301n indi\u0301gena femenina en Bolivia                <\/span>\n                <br\/>\n                                <span class=\"dropinfos\">\n                                            <b>Tama\u00f1o: <\/b>\n                        379.90 KB                                        <b>Formato : <\/b>\n                    PDF                <\/span>\n                            <\/a><br>\n                            <a data-id=\"42523\" data-catid=\"378\"\n                   data-file-type=\"pdf\"\n                   class=\"openlink wpfdlightbox wpfd_previewlink noLightbox\"\n                   href=\"https:\/\/docs.google.com\/viewer?url=https%3A%2F%2Fwww.ine.gob.bo%2Fwp-admin%2Fadmin-ajax.php%3Fjuwpfisadmin%3Dfalse%26action%3Dwpfd%26task%3Dfile.download%26wpfd_category_id%3D378%26wpfd_file_id%3D42523%26token%3D28a9f74c8c7a2ee3f477c236831eae03%26preview%3D1&#038;embedded=true\">\n                    Vista previa<\/a>\n                    <\/div>\n    <\/div>\n<style>.wpfd-single-file .wpfd_previewlink {margin-top: 10px;display: block;font-weight: bold;}.wpfd-single-file .wpfd-file-link {background-color: #ef524a !important;}.wpfd-single-file .wpfd-file-link {color: #ffffff !important;}.wpfd-single-file .wpfd-file-link:hover {background-color: #888888 !important;}<\/style>[\/vc_column_text][\/vc_tta_section][\/vc_tta_tabs][\/vc_column][\/vc_row]<\/p>\n","protected":false},"excerpt":{"rendered":"<p>[vc_row][vc_column][vc_tta_tabs][vc_tta_section title=&#8221;Introducci\u00f3n&#8221; tab_id=&#8221;1559000613762-93bd70cb-ae37&#8243;][vc_single_image image=&#8221;43099&#8243; img_size=&#8221;medium&#8221; alignment=&#8221;center&#8221; style=&#8221;vc_box_border&#8221;][vc_column_text]La igualdad y equidad de g\u00e9nero han sido considerados como temas latentes en la generaci\u00f3n de pol\u00edticas, planes y programas que deben ser adoptadas por los gobiernos centrales. En tal sentido, la generaci\u00f3n de estad\u00edsticas e indicadores tendientes a la satisfacci\u00f3n de estas necesidades de informaci\u00f3n, constituyen una herramienta&hellip;<\/p>\n","protected":false},"author":1,"featured_media":0,"parent":36792,"menu_order":0,"comment_status":"closed","ping_status":"closed","template":"","meta":[],"class_list":["post-42521","page","type-page","status-publish","hentry","description-off"],"yoast_head":"<!-- This site is optimized with the Yoast SEO plugin v23.2 - https:\/\/yoast.com\/wordpress\/plugins\/seo\/ -->\n<title>G\u00e9nero - INE<\/title>\n<meta name=\"description\" content=\"P\u00e1gina oficial del Instituto Nacional de Estadisticas INE, informaci\u00f3n estad\u00edstica, geogr\u00e1fica y econ\u00f3mica a nivel nacional.\" \/>\n<meta name=\"robots\" content=\"index, follow, max-snippet:-1, max-image-preview:large, max-video-preview:-1\" \/>\n<link rel=\"canonical\" href=\"https:\/\/www.ine.gob.bo\/index.php\/estadisticas-sociales\/genero\/\" \/>\n<meta property=\"og:locale\" content=\"es_ES\" \/>\n<meta property=\"og:type\" content=\"article\" \/>\n<meta property=\"og:title\" content=\"G\u00e9nero - INE\" \/>\n<meta property=\"og:description\" content=\"P\u00e1gina oficial del Instituto Nacional de Estadisticas INE, informaci\u00f3n estad\u00edstica, geogr\u00e1fica y econ\u00f3mica a nivel nacional.\" \/>\n<meta property=\"og:url\" content=\"https:\/\/www.ine.gob.bo\/index.php\/estadisticas-sociales\/genero\/\" \/>\n<meta property=\"og:site_name\" content=\"INE\" \/>\n<meta property=\"article:publisher\" content=\"https:\/\/www.facebook.com\/ineboliviaoficial\" \/>\n<meta property=\"article:modified_time\" content=\"2021-03-26T13:12:30+00:00\" \/>\n<meta name=\"twitter:card\" content=\"summary_large_image\" \/>\n<meta name=\"twitter:site\" content=\"@INE_Bolivia\" \/>\n<meta name=\"twitter:label1\" content=\"Tiempo de lectura\" \/>\n\t<meta name=\"twitter:data1\" content=\"1 minuto\" \/>\n<script type=\"application\/ld+json\" class=\"yoast-schema-graph\">{\"@context\":\"https:\/\/schema.org\",\"@graph\":[{\"@type\":\"WebPage\",\"@id\":\"https:\/\/www.ine.gob.bo\/index.php\/estadisticas-sociales\/genero\/\",\"url\":\"https:\/\/www.ine.gob.bo\/index.php\/estadisticas-sociales\/genero\/\",\"name\":\"G\u00e9nero - INE\",\"isPartOf\":{\"@id\":\"https:\/\/www.ine.gob.bo\/#website\"},\"datePublished\":\"2019-08-07T11:32:59+00:00\",\"dateModified\":\"2021-03-26T13:12:30+00:00\",\"description\":\"P\u00e1gina oficial del Instituto Nacional de Estadisticas INE, informaci\u00f3n estad\u00edstica, geogr\u00e1fica y econ\u00f3mica a nivel nacional.\",\"breadcrumb\":{\"@id\":\"https:\/\/www.ine.gob.bo\/index.php\/estadisticas-sociales\/genero\/#breadcrumb\"},\"inLanguage\":\"es\",\"potentialAction\":[{\"@type\":\"ReadAction\",\"target\":[\"https:\/\/www.ine.gob.bo\/index.php\/estadisticas-sociales\/genero\/\"]}]},{\"@type\":\"BreadcrumbList\",\"@id\":\"https:\/\/www.ine.gob.bo\/index.php\/estadisticas-sociales\/genero\/#breadcrumb\",\"itemListElement\":[{\"@type\":\"ListItem\",\"position\":1,\"name\":\"Portada\",\"item\":\"https:\/\/www.ine.gob.bo\/\"},{\"@type\":\"ListItem\",\"position\":2,\"name\":\"Estad\u00edsticas sociales\",\"item\":\"https:\/\/www.ine.gob.bo\/index.php\/estadisticas-sociales\/\"},{\"@type\":\"ListItem\",\"position\":3,\"name\":\"G\u00e9nero\"}]},{\"@type\":\"WebSite\",\"@id\":\"https:\/\/www.ine.gob.bo\/#website\",\"url\":\"https:\/\/www.ine.gob.bo\/\",\"name\":\"INE\",\"description\":\"Instituto Nacional de Estad\u00edstica\",\"publisher\":{\"@id\":\"https:\/\/www.ine.gob.bo\/#organization\"},\"potentialAction\":[{\"@type\":\"SearchAction\",\"target\":{\"@type\":\"EntryPoint\",\"urlTemplate\":\"https:\/\/www.ine.gob.bo\/?s={search_term_string}\"},\"query-input\":\"required name=search_term_string\"}],\"inLanguage\":\"es\"},{\"@type\":\"Organization\",\"@id\":\"https:\/\/www.ine.gob.bo\/#organization\",\"name\":\"Instituto Nacional de Estad\u00edstica\",\"url\":\"https:\/\/www.ine.gob.bo\/\",\"logo\":{\"@type\":\"ImageObject\",\"inLanguage\":\"es\",\"@id\":\"https:\/\/www.ine.gob.bo\/#\/schema\/logo\/image\/\",\"url\":\"https:\/\/www.ine.gob.bo\/wp-content\/uploads\/2026\/02\/logo-ine.jpg\",\"contentUrl\":\"https:\/\/www.ine.gob.bo\/wp-content\/uploads\/2026\/02\/logo-ine.jpg\",\"width\":799,\"height\":453,\"caption\":\"Instituto Nacional de Estad\u00edstica\"},\"image\":{\"@id\":\"https:\/\/www.ine.gob.bo\/#\/schema\/logo\/image\/\"},\"sameAs\":[\"https:\/\/www.facebook.com\/ineboliviaoficial\",\"https:\/\/x.com\/INE_Bolivia\",\"https:\/\/www.instagram.com\/ineboliviaoficial\/\",\"https:\/\/www.youtube.com\/channel\/UCbIQXKLw414g5kWo1tAwqCg\"]}]}<\/script>\n<!-- \/ Yoast SEO plugin. -->","yoast_head_json":{"title":"G\u00e9nero - INE","description":"P\u00e1gina oficial del Instituto Nacional de Estadisticas INE, informaci\u00f3n estad\u00edstica, geogr\u00e1fica y econ\u00f3mica a nivel nacional.","robots":{"index":"index","follow":"follow","max-snippet":"max-snippet:-1","max-image-preview":"max-image-preview:large","max-video-preview":"max-video-preview:-1"},"canonical":"https:\/\/www.ine.gob.bo\/index.php\/estadisticas-sociales\/genero\/","og_locale":"es_ES","og_type":"article","og_title":"G\u00e9nero - INE","og_description":"P\u00e1gina oficial del Instituto Nacional de Estadisticas INE, informaci\u00f3n estad\u00edstica, geogr\u00e1fica y econ\u00f3mica a nivel nacional.","og_url":"https:\/\/www.ine.gob.bo\/index.php\/estadisticas-sociales\/genero\/","og_site_name":"INE","article_publisher":"https:\/\/www.facebook.com\/ineboliviaoficial","article_modified_time":"2021-03-26T13:12:30+00:00","twitter_card":"summary_large_image","twitter_site":"@INE_Bolivia","twitter_misc":{"Tiempo de lectura":"1 minuto"},"schema":{"@context":"https:\/\/schema.org","@graph":[{"@type":"WebPage","@id":"https:\/\/www.ine.gob.bo\/index.php\/estadisticas-sociales\/genero\/","url":"https:\/\/www.ine.gob.bo\/index.php\/estadisticas-sociales\/genero\/","name":"G\u00e9nero - INE","isPartOf":{"@id":"https:\/\/www.ine.gob.bo\/#website"},"datePublished":"2019-08-07T11:32:59+00:00","dateModified":"2021-03-26T13:12:30+00:00","description":"P\u00e1gina oficial del Instituto Nacional de Estadisticas INE, informaci\u00f3n estad\u00edstica, geogr\u00e1fica y econ\u00f3mica a nivel nacional.","breadcrumb":{"@id":"https:\/\/www.ine.gob.bo\/index.php\/estadisticas-sociales\/genero\/#breadcrumb"},"inLanguage":"es","potentialAction":[{"@type":"ReadAction","target":["https:\/\/www.ine.gob.bo\/index.php\/estadisticas-sociales\/genero\/"]}]},{"@type":"BreadcrumbList","@id":"https:\/\/www.ine.gob.bo\/index.php\/estadisticas-sociales\/genero\/#breadcrumb","itemListElement":[{"@type":"ListItem","position":1,"name":"Portada","item":"https:\/\/www.ine.gob.bo\/"},{"@type":"ListItem","position":2,"name":"Estad\u00edsticas sociales","item":"https:\/\/www.ine.gob.bo\/index.php\/estadisticas-sociales\/"},{"@type":"ListItem","position":3,"name":"G\u00e9nero"}]},{"@type":"WebSite","@id":"https:\/\/www.ine.gob.bo\/#website","url":"https:\/\/www.ine.gob.bo\/","name":"INE","description":"Instituto Nacional de Estad\u00edstica","publisher":{"@id":"https:\/\/www.ine.gob.bo\/#organization"},"potentialAction":[{"@type":"SearchAction","target":{"@type":"EntryPoint","urlTemplate":"https:\/\/www.ine.gob.bo\/?s={search_term_string}"},"query-input":"required name=search_term_string"}],"inLanguage":"es"},{"@type":"Organization","@id":"https:\/\/www.ine.gob.bo\/#organization","name":"Instituto Nacional de Estad\u00edstica","url":"https:\/\/www.ine.gob.bo\/","logo":{"@type":"ImageObject","inLanguage":"es","@id":"https:\/\/www.ine.gob.bo\/#\/schema\/logo\/image\/","url":"https:\/\/www.ine.gob.bo\/wp-content\/uploads\/2026\/02\/logo-ine.jpg","contentUrl":"https:\/\/www.ine.gob.bo\/wp-content\/uploads\/2026\/02\/logo-ine.jpg","width":799,"height":453,"caption":"Instituto Nacional de Estad\u00edstica"},"image":{"@id":"https:\/\/www.ine.gob.bo\/#\/schema\/logo\/image\/"},"sameAs":["https:\/\/www.facebook.com\/ineboliviaoficial","https:\/\/x.com\/INE_Bolivia","https:\/\/www.instagram.com\/ineboliviaoficial\/","https:\/\/www.youtube.com\/channel\/UCbIQXKLw414g5kWo1tAwqCg"]}]}},"rttpg_featured_image_url":null,"rttpg_author":{"display_name":"4dmin-root","author_link":"https:\/\/www.ine.gob.bo\/index.php\/author\/4dmin-root\/"},"rttpg_comment":0,"rttpg_category":null,"rttpg_excerpt":"[vc_row][vc_column][vc_tta_tabs][vc_tta_section title=&#8221;Introducci\u00f3n&#8221; tab_id=&#8221;1559000613762-93bd70cb-ae37&#8243;][vc_single_image image=&#8221;43099&#8243; img_size=&#8221;medium&#8221; alignment=&#8221;center&#8221; style=&#8221;vc_box_border&#8221;][vc_column_text]La igualdad y equidad de g\u00e9nero han sido considerados como temas latentes en la generaci\u00f3n de pol\u00edticas, planes y programas que deben ser adoptadas por los gobiernos centrales. En tal sentido, la generaci\u00f3n de estad\u00edsticas e indicadores tendientes a la satisfacci\u00f3n de estas necesidades de informaci\u00f3n, constituyen una herramienta&hellip;","_links":{"self":[{"href":"https:\/\/www.ine.gob.bo\/index.php\/wp-json\/wp\/v2\/pages\/42521","targetHints":{"allow":["GET"]}}],"collection":[{"href":"https:\/\/www.ine.gob.bo\/index.php\/wp-json\/wp\/v2\/pages"}],"about":[{"href":"https:\/\/www.ine.gob.bo\/index.php\/wp-json\/wp\/v2\/types\/page"}],"author":[{"embeddable":true,"href":"https:\/\/www.ine.gob.bo\/index.php\/wp-json\/wp\/v2\/users\/1"}],"replies":[{"embeddable":true,"href":"https:\/\/www.ine.gob.bo\/index.php\/wp-json\/wp\/v2\/comments?post=42521"}],"version-history":[{"count":0,"href":"https:\/\/www.ine.gob.bo\/index.php\/wp-json\/wp\/v2\/pages\/42521\/revisions"}],"up":[{"embeddable":true,"href":"https:\/\/www.ine.gob.bo\/index.php\/wp-json\/wp\/v2\/pages\/36792"}],"wp:attachment":[{"href":"https:\/\/www.ine.gob.bo\/index.php\/wp-json\/wp\/v2\/media?parent=42521"}],"curies":[{"name":"wp","href":"https:\/\/api.w.org\/{rel}","templated":true}]}}